
{"id":74117,"date":"2025-10-28T13:45:34","date_gmt":"2025-10-28T06:45:34","guid":{"rendered":"https:\/\/phucma.com.vn\/congnghiep\/?post_type=product&#038;p=74117"},"modified":"2025-11-11T15:03:55","modified_gmt":"2025-11-11T08:03:55","slug":"dau-dong-xoay-hoa-tiet-pel-rb","status":"publish","type":"product","link":"https:\/\/phucma.com.vn\/congnghiep\/product\/dau-dong-xoay-hoa-tiet-pel-rb\/","title":{"rendered":"D\u1ea5u \u0111\u00f3ng xoay h\u1ecda ti\u1ebft PEL-RB"},"content":{"rendered":"<p>D\u1ea5u L\u0103n &#8220;Chill&#8221; Cho T\u00e2m H\u1ed3n S\u00e1ng T\u1ea1o<br \/>\nShachihata NOTOTO Roller l\u00e0 c\u00f4ng c\u1ee5 trang tr\u00ed s\u1ed5 tay (journal) v\u00e0 Bullet Journal l\u00fd t\u01b0\u1edfng, gi\u00fap b\u1ea1n &#8220;chill&#8221; v\u00e0 th\u01b0 gi\u00e3n m\u00e0 kh\u00f4ng c\u1ea7n kh\u00e9o tay.<\/p>\n<p>\u0110\u1eb7c \u0111i\u1ec3m &#8220;Chill&#8221; c\u1ee7a NOTOTO Roller:<br \/>\nL\u0103n l\u00e0 \u0110\u1eb9p: D\u1ec5 d\u00e0ng t\u1ea1o ra nh\u1eefng \u0111\u01b0\u1eddng vi\u1ec1n hoa v\u0103n li\u1ec1n m\u1ea1ch, s\u1eafc n\u00e9t (nh\u01b0 hoa Mimosa, l\u00e1 c\u00e2y, k\u1ebb s\u1ecdc&#8230;) ch\u1ec9 b\u1eb1ng m\u1ed9t c\u00fa l\u0103n nh\u1eb9. T\u1ea1m bi\u1ec7t \u00e1p l\u1ef1c v\u1ebd v\u1eddi!<\/p>\n<p>M\u1ef1c B\u1ec1n B\u1ec9: S\u1eed d\u1ee5ng m\u1ef1c g\u1ed1c d\u1ea7u (oil-based ink) ch\u1ed1ng th\u1ea5m qua gi\u1ea5y. B\u1ea1n c\u00f3 th\u1ec3 tho\u1ea3i m\u00e1i t\u00f4 m\u00e0u l\u00ean c\u00e1c h\u1ecda ti\u1ebft m\u00e0 kh\u00f4ng lo b\u1ecb lem hay nh\u00f2e.<\/p>\n<p>B\u1ed9 S\u01b0u T\u1eadp \u0110a D\u1ea1ng: Nhi\u1ec1u ki\u1ec3u h\u1ecda ti\u1ebft v\u00e0 2 m\u00e0u m\u1ef1c ch\u1ee7 \u0111\u1ea1o (\u0110en v\u00e0 N\u00e2u) tinh t\u1ebf, d\u1ec5 ph\u1ed1i \u0111\u1ed3, r\u1ea5t h\u1ee3p v\u1edbi phong c\u00e1ch vintage ho\u1eb7c t\u1ed1i gi\u1ea3n.<\/p>\n<p>Ti\u1ec7n L\u1ee3i T\u1ed1i \u0110a: D\u1ea5u c\u00f3 s\u1eb5n m\u1ef1c v\u00e0 \u0111\u1eb7c bi\u1ec7t, trong h\u1ed9p c\u00f3 t\u1eb7ng k\u00e8m th\u00eam 1 tu\u00fdp m\u1ef1c refill nh\u1ecf \u0111\u1ec3 b\u1ea1n b\u01a1m v\u00e0o khi h\u1ebft. Lu\u00f4n s\u1eb5n s\u00e0ng cho m\u1ecdi kho\u1ea3nh kh\u1eafc s\u00e1ng t\u1ea1o.<\/p>\n<p>NOTOTO Roller bi\u1ebfn vi\u1ec7c trang tr\u00ed s\u1ed5 s\u00e1ch tr\u1edf th\u00e0nh m\u1ed9t th\u00fa vui nh\u1eb9 nh\u00e0ng, gi\u00fap b\u1ea1n th\u01b0 gi\u00e3n v\u00e0 l\u00e0m \u0111\u1eb9p kh\u00f4ng gian c\u00e1 nh\u00e2n m\u1ed9t c\u00e1ch nhanh ch\u00f3ng, ngh\u1ec7 thu\u1eadt!<\/p>\n","protected":false},"excerpt":{"rendered":"<p>Con d\u1ea5u l\u0103n h\u1ecda ti\u1ebft Shachihata NOTOTO Roller <\/p>\n<p>\u0110\u00f3ng g\u00f3i: T\u00fai treo, bao g\u1ed3m d\u1ea5u l\u0103n c\u00f3 m\u1ef1c s\u1eb5n, tu\u00fdp m\u1ef1c b\u1ed5 sung<br \/>\nk\u00edch th\u01b0\u1edbc con d\u1ea5u 32\u00d711\u00d732mm<br \/>\nN\u1eb7ng: 7g<br \/>\nchi\u1ec1u cao d\u01b0\u1eddng l\u0103n: 3mm<br \/>\nchi\u1ec1u d\u00e0i chu k\u1ef3 \u0111\u01b0\u1eddng l\u0103n 77mm<\/p>\n","protected":false},"featured_media":74119,"template":"","meta":{"_acf_changed":false},"product_brand":[1653],"product_cat":[727,712,721,701,699,698,711,1042,738,737,729,719],"product_tag":[1195,1598,1599,1606,1607,1604,1605],"class_list":{"0":"post-74117","1":"product","2":"type-product","3":"status-publish","4":"has-post-thumbnail","6":"product_brand-shachihata","7":"product_cat-bom-them-muc-duoc","8":"product_cat-chong-lem-nuoc","9":"product_cat-dau","10":"product_cat-dong-muc-dye-stuff","11":"product_cat-dong-muc-goc-dau","12":"product_cat-dong-muc-goc-nuoc","13":"product_cat-dung-tren-giay","14":"product_cat-dung-tren-vai","15":"product_cat-dung-trong-truong-hoc","16":"product_cat-dung-trong-van-phong","17":"product_cat-hien-ro-tren-nen-sang","18":"product_cat-muc","19":"product_tag-dau-dong","20":"product_tag-dau-dong-xoay","21":"product_tag-dau-dong-xoay-hoa-tiet","22":"product_tag-dau-dong-xoay-hoa-tiet-pel-rb-dau-dong-pel-rb","23":"product_tag-dau-dong-xoay-pel-rb","24":"product_tag-pel-rb","25":"product_tag-pelrb","27":"first","28":"instock","29":"taxable","30":"shipping-taxable","31":"purchasable","32":"product-type-variable"},"acf":[],"yoast_head":"<!-- This site is optimized with the Yoast SEO Premium plugin v24.4 (Yoast SEO v26.4) - https:\/\/yoast.com\/wordpress\/plugins\/seo\/ -->\n<title>D\u1ea5u \u0111\u00f3ng xoay h\u1ecda ti\u1ebft PEL-RB - C\u00f4ng Ty TNHH Th\u01b0\u01a1ng M\u1ea1i PH\u00daC M\u00c3<\/title>\n<meta name=\"robots\" content=\"index, follow, max-snippet:-1, max-image-preview:large, max-video-preview:-1\" \/>\n<link rel=\"canonical\" href=\"https:\/\/phucma.com.vn\/congnghiep\/product\/dau-dong-xoay-hoa-tiet-pel-rb\/\" \/>\n<meta property=\"og:locale\" content=\"vi_VN\" \/>\n<meta property=\"og:type\" content=\"article\" \/>\n<meta property=\"og:title\" content=\"D\u1ea5u \u0111\u00f3ng xoay h\u1ecda ti\u1ebft PEL-RB\" \/>\n<meta property=\"og:description\" content=\"Con d\u1ea5u l\u0103n h\u1ecda ti\u1ebft Shachihata NOTOTO Roller   \u0110\u00f3ng g\u00f3i: T\u00fai treo, bao g\u1ed3m d\u1ea5u l\u0103n c\u00f3 m\u1ef1c s\u1eb5n, tu\u00fdp m\u1ef1c b\u1ed5 sung k\u00edch th\u01b0\u1edbc con d\u1ea5u 32\u00d711\u00d732mm N\u1eb7ng: 7g chi\u1ec1u cao d\u01b0\u1eddng l\u0103n: 3mm  chi\u1ec1u d\u00e0i chu k\u1ef3 \u0111\u01b0\u1eddng l\u0103n 77mm\" \/>\n<meta property=\"og:url\" content=\"https:\/\/phucma.com.vn\/congnghiep\/product\/dau-dong-xoay-hoa-tiet-pel-rb\/\" \/>\n<meta property=\"og:site_name\" content=\"C\u00f4ng Ty TNHH Th\u01b0\u01a1ng M\u1ea1i PH\u00daC M\u00c3\" \/>\n<meta property=\"article:publisher\" content=\"https:\/\/www.facebook.com\/artline.vn\" \/>\n<meta property=\"article:modified_time\" content=\"2025-11-11T08:03:55+00:00\" \/>\n<meta property=\"og:image\" content=\"https:\/\/phucma.com.vn\/congnghiep\/wp-content\/uploads\/2025\/10\/Dau-lan-hoa-tiet-my-thuat-Shachihata-Nototo-roller-hinh-dai-dien.jpg\" \/>\n\t<meta property=\"og:image:width\" content=\"600\" \/>\n\t<meta property=\"og:image:height\" content=\"600\" \/>\n\t<meta property=\"og:image:type\" content=\"image\/jpeg\" \/>\n<meta name=\"twitter:card\" content=\"summary_large_image\" \/>\n<meta name=\"twitter:label1\" content=\"Kh\u1ea3 d\u1ee5ng\" \/>\n\t<meta name=\"twitter:data1\" content=\"Trong kho\" \/>\n<script type=\"application\/ld+json\" class=\"yoast-schema-graph\">{\"@context\":\"https:\/\/schema.org\",\"@graph\":[{\"@type\":\"WebPage\",\"@id\":\"https:\/\/phucma.com.vn\/congnghiep\/product\/dau-dong-xoay-hoa-tiet-pel-rb\/\",\"url\":\"https:\/\/phucma.com.vn\/congnghiep\/product\/dau-dong-xoay-hoa-tiet-pel-rb\/\",\"name\":\"D\u1ea5u \u0111\u00f3ng xoay h\u1ecda ti\u1ebft PEL-RB - C\u00f4ng Ty TNHH Th\u01b0\u01a1ng M\u1ea1i PH\u00daC M\u00c3\",\"isPartOf\":{\"@id\":\"https:\/\/phucma.com.vn\/congnghiep\/#website\"},\"primaryImageOfPage\":{\"@id\":\"https:\/\/phucma.com.vn\/congnghiep\/product\/dau-dong-xoay-hoa-tiet-pel-rb\/#primaryimage\"},\"image\":{\"@id\":\"https:\/\/phucma.com.vn\/congnghiep\/product\/dau-dong-xoay-hoa-tiet-pel-rb\/#primaryimage\"},\"thumbnailUrl\":\"https:\/\/phucma.com.vn\/congnghiep\/wp-content\/uploads\/2025\/10\/Dau-lan-hoa-tiet-my-thuat-Shachihata-Nototo-roller-hinh-dai-dien.jpg\",\"datePublished\":\"2025-10-28T06:45:34+00:00\",\"dateModified\":\"2025-11-11T08:03:55+00:00\",\"breadcrumb\":{\"@id\":\"https:\/\/phucma.com.vn\/congnghiep\/product\/dau-dong-xoay-hoa-tiet-pel-rb\/#breadcrumb\"},\"inLanguage\":\"vi\",\"potentialAction\":[{\"@type\":\"ReadAction\",\"target\":[\"https:\/\/phucma.com.vn\/congnghiep\/product\/dau-dong-xoay-hoa-tiet-pel-rb\/\"]}]},{\"@type\":\"ImageObject\",\"inLanguage\":\"vi\",\"@id\":\"https:\/\/phucma.com.vn\/congnghiep\/product\/dau-dong-xoay-hoa-tiet-pel-rb\/#primaryimage\",\"url\":\"https:\/\/phucma.com.vn\/congnghiep\/wp-content\/uploads\/2025\/10\/Dau-lan-hoa-tiet-my-thuat-Shachihata-Nototo-roller-hinh-dai-dien.jpg\",\"contentUrl\":\"https:\/\/phucma.com.vn\/congnghiep\/wp-content\/uploads\/2025\/10\/Dau-lan-hoa-tiet-my-thuat-Shachihata-Nototo-roller-hinh-dai-dien.jpg\",\"width\":600,\"height\":600},{\"@type\":\"BreadcrumbList\",\"@id\":\"https:\/\/phucma.com.vn\/congnghiep\/product\/dau-dong-xoay-hoa-tiet-pel-rb\/#breadcrumb\",\"itemListElement\":[{\"@type\":\"ListItem\",\"position\":1,\"name\":\"Home\",\"item\":\"https:\/\/phucma.com.vn\/congnghiep\/\"},{\"@type\":\"ListItem\",\"position\":2,\"name\":\"C\u1eeda h\u00e0ng\",\"item\":\"https:\/\/phucma.com.vn\/congnghiep\/shop\/\"},{\"@type\":\"ListItem\",\"position\":3,\"name\":\"D\u1ea5u \u0111\u00f3ng xoay h\u1ecda ti\u1ebft PEL-RB\"}]},{\"@type\":\"WebSite\",\"@id\":\"https:\/\/phucma.com.vn\/congnghiep\/#website\",\"url\":\"https:\/\/phucma.com.vn\/congnghiep\/\",\"name\":\"C\u00f4ng ty Ph\u00fac M\u00e3\",\"description\":\"S\u1ea3n ph\u1ea9m c\u00f4ng nghi\u1ec7p d\u00e0nh cho nh\u00e0 m\u00e1y\",\"publisher\":{\"@id\":\"https:\/\/phucma.com.vn\/congnghiep\/#organization\"},\"alternateName\":\"CTy Ph\u00fac M\u00e3\",\"potentialAction\":[{\"@type\":\"SearchAction\",\"target\":{\"@type\":\"EntryPoint\",\"urlTemplate\":\"https:\/\/phucma.com.vn\/congnghiep\/?s={search_term_string}\"},\"query-input\":{\"@type\":\"PropertyValueSpecification\",\"valueRequired\":true,\"valueName\":\"search_term_string\"}}],\"inLanguage\":\"vi\"},{\"@type\":\"Organization\",\"@id\":\"https:\/\/phucma.com.vn\/congnghiep\/#organization\",\"name\":\"CTY PH\u00daC M\u00c3\",\"alternateName\":\"C\u00f4ng ty TNHH TM Ph\u00fac M\u00e3\",\"url\":\"https:\/\/phucma.com.vn\/congnghiep\/\",\"logo\":{\"@type\":\"ImageObject\",\"inLanguage\":\"vi\",\"@id\":\"https:\/\/phucma.com.vn\/congnghiep\/#\/schema\/logo\/image\/\",\"url\":\"https:\/\/phucma.com.vn\/congnghiep\/wp-content\/uploads\/2025\/01\/cropped-cropped-logo-cty-phuc-ma-11.png\",\"contentUrl\":\"https:\/\/phucma.com.vn\/congnghiep\/wp-content\/uploads\/2025\/01\/cropped-cropped-logo-cty-phuc-ma-11.png\",\"width\":256,\"height\":191,\"caption\":\"CTY PH\u00daC M\u00c3\"},\"image\":{\"@id\":\"https:\/\/phucma.com.vn\/congnghiep\/#\/schema\/logo\/image\/\"},\"sameAs\":[\"https:\/\/www.facebook.com\/artline.vn\"],\"description\":\"CTY PHUC MA - 20 n\u0103m chuy\u00ean cung c\u1ea5p c\u00e1c s\u1ea3n ph\u1ea9m b\u00fat, m\u1ef1c, d\u1ea5u c\u00f4ng nghi\u1ec7p cho h\u01a1n 1000 nh\u00e0 m\u00e1y kh\u1eafp c\u00e1c khu c\u00f4ng nghi\u1ec7p tr\u00ean c\u1ea3 n\u01b0\u1edbc\",\"email\":\"info@phucma.com.vn\",\"telephone\":\"02835140805\",\"legalName\":\"C\u00f4ng ty TNHH Th\u01b0\u01a1ng M\u1ea1i Ph\u00fac M\u00e3\",\"vatID\":\"0303490755\",\"numberOfEmployees\":{\"@type\":\"QuantitativeValue\",\"minValue\":\"51\",\"maxValue\":\"200\"}}]}<\/script>\n<meta property=\"product:brand\" content=\"Shachihata\" \/>\n<meta property=\"og:availability\" content=\"instock\" \/>\n<meta property=\"product:availability\" content=\"instock\" \/>\n<meta property=\"product:retailer_item_id\" content=\"PEL-RB\" \/>\n<meta property=\"product:condition\" content=\"new\" \/>\n<!-- \/ Yoast SEO Premium plugin. -->","yoast_head_json":{"title":"D\u1ea5u \u0111\u00f3ng xoay h\u1ecda ti\u1ebft PEL-RB - C\u00f4ng Ty TNHH Th\u01b0\u01a1ng M\u1ea1i PH\u00daC M\u00c3","robots":{"index":"index","follow":"follow","max-snippet":"max-snippet:-1","max-image-preview":"max-image-preview:large","max-video-preview":"max-video-preview:-1"},"canonical":"https:\/\/phucma.com.vn\/congnghiep\/product\/dau-dong-xoay-hoa-tiet-pel-rb\/","og_locale":"vi_VN","og_type":"article","og_title":"D\u1ea5u \u0111\u00f3ng xoay h\u1ecda ti\u1ebft PEL-RB","og_description":"Con d\u1ea5u l\u0103n h\u1ecda ti\u1ebft Shachihata NOTOTO Roller   \u0110\u00f3ng g\u00f3i: T\u00fai treo, bao g\u1ed3m d\u1ea5u l\u0103n c\u00f3 m\u1ef1c s\u1eb5n, tu\u00fdp m\u1ef1c b\u1ed5 sung k\u00edch th\u01b0\u1edbc con d\u1ea5u 32\u00d711\u00d732mm N\u1eb7ng: 7g chi\u1ec1u cao d\u01b0\u1eddng l\u0103n: 3mm  chi\u1ec1u d\u00e0i chu k\u1ef3 \u0111\u01b0\u1eddng l\u0103n 77mm","og_url":"https:\/\/phucma.com.vn\/congnghiep\/product\/dau-dong-xoay-hoa-tiet-pel-rb\/","og_site_name":"C\u00f4ng Ty TNHH Th\u01b0\u01a1ng M\u1ea1i PH\u00daC M\u00c3","article_publisher":"https:\/\/www.facebook.com\/artline.vn","article_modified_time":"2025-11-11T08:03:55+00:00","og_image":[{"width":600,"height":600,"url":"https:\/\/phucma.com.vn\/congnghiep\/wp-content\/uploads\/2025\/10\/Dau-lan-hoa-tiet-my-thuat-Shachihata-Nototo-roller-hinh-dai-dien.jpg","type":"image\/jpeg"}],"twitter_card":"summary_large_image","twitter_misc":{"Kh\u1ea3 d\u1ee5ng":"Trong kho"},"schema":{"@context":"https:\/\/schema.org","@graph":[{"@type":"WebPage","@id":"https:\/\/phucma.com.vn\/congnghiep\/product\/dau-dong-xoay-hoa-tiet-pel-rb\/","url":"https:\/\/phucma.com.vn\/congnghiep\/product\/dau-dong-xoay-hoa-tiet-pel-rb\/","name":"D\u1ea5u \u0111\u00f3ng xoay h\u1ecda ti\u1ebft PEL-RB - C\u00f4ng Ty TNHH Th\u01b0\u01a1ng M\u1ea1i PH\u00daC M\u00c3","isPartOf":{"@id":"https:\/\/phucma.com.vn\/congnghiep\/#website"},"primaryImageOfPage":{"@id":"https:\/\/phucma.com.vn\/congnghiep\/product\/dau-dong-xoay-hoa-tiet-pel-rb\/#primaryimage"},"image":{"@id":"https:\/\/phucma.com.vn\/congnghiep\/product\/dau-dong-xoay-hoa-tiet-pel-rb\/#primaryimage"},"thumbnailUrl":"https:\/\/phucma.com.vn\/congnghiep\/wp-content\/uploads\/2025\/10\/Dau-lan-hoa-tiet-my-thuat-Shachihata-Nototo-roller-hinh-dai-dien.jpg","datePublished":"2025-10-28T06:45:34+00:00","dateModified":"2025-11-11T08:03:55+00:00","breadcrumb":{"@id":"https:\/\/phucma.com.vn\/congnghiep\/product\/dau-dong-xoay-hoa-tiet-pel-rb\/#breadcrumb"},"inLanguage":"vi","potentialAction":[{"@type":"ReadAction","target":["https:\/\/phucma.com.vn\/congnghiep\/product\/dau-dong-xoay-hoa-tiet-pel-rb\/"]}]},{"@type":"ImageObject","inLanguage":"vi","@id":"https:\/\/phucma.com.vn\/congnghiep\/product\/dau-dong-xoay-hoa-tiet-pel-rb\/#primaryimage","url":"https:\/\/phucma.com.vn\/congnghiep\/wp-content\/uploads\/2025\/10\/Dau-lan-hoa-tiet-my-thuat-Shachihata-Nototo-roller-hinh-dai-dien.jpg","contentUrl":"https:\/\/phucma.com.vn\/congnghiep\/wp-content\/uploads\/2025\/10\/Dau-lan-hoa-tiet-my-thuat-Shachihata-Nototo-roller-hinh-dai-dien.jpg","width":600,"height":600},{"@type":"BreadcrumbList","@id":"https:\/\/phucma.com.vn\/congnghiep\/product\/dau-dong-xoay-hoa-tiet-pel-rb\/#breadcrumb","itemListElement":[{"@type":"ListItem","position":1,"name":"Home","item":"https:\/\/phucma.com.vn\/congnghiep\/"},{"@type":"ListItem","position":2,"name":"C\u1eeda h\u00e0ng","item":"https:\/\/phucma.com.vn\/congnghiep\/shop\/"},{"@type":"ListItem","position":3,"name":"D\u1ea5u \u0111\u00f3ng xoay h\u1ecda ti\u1ebft PEL-RB"}]},{"@type":"WebSite","@id":"https:\/\/phucma.com.vn\/congnghiep\/#website","url":"https:\/\/phucma.com.vn\/congnghiep\/","name":"C\u00f4ng ty Ph\u00fac M\u00e3","description":"S\u1ea3n ph\u1ea9m c\u00f4ng nghi\u1ec7p d\u00e0nh cho nh\u00e0 m\u00e1y","publisher":{"@id":"https:\/\/phucma.com.vn\/congnghiep\/#organization"},"alternateName":"CTy Ph\u00fac M\u00e3","potentialAction":[{"@type":"SearchAction","target":{"@type":"EntryPoint","urlTemplate":"https:\/\/phucma.com.vn\/congnghiep\/?s={search_term_string}"},"query-input":{"@type":"PropertyValueSpecification","valueRequired":true,"valueName":"search_term_string"}}],"inLanguage":"vi"},{"@type":"Organization","@id":"https:\/\/phucma.com.vn\/congnghiep\/#organization","name":"CTY PH\u00daC M\u00c3","alternateName":"C\u00f4ng ty TNHH TM Ph\u00fac M\u00e3","url":"https:\/\/phucma.com.vn\/congnghiep\/","logo":{"@type":"ImageObject","inLanguage":"vi","@id":"https:\/\/phucma.com.vn\/congnghiep\/#\/schema\/logo\/image\/","url":"https:\/\/phucma.com.vn\/congnghiep\/wp-content\/uploads\/2025\/01\/cropped-cropped-logo-cty-phuc-ma-11.png","contentUrl":"https:\/\/phucma.com.vn\/congnghiep\/wp-content\/uploads\/2025\/01\/cropped-cropped-logo-cty-phuc-ma-11.png","width":256,"height":191,"caption":"CTY PH\u00daC M\u00c3"},"image":{"@id":"https:\/\/phucma.com.vn\/congnghiep\/#\/schema\/logo\/image\/"},"sameAs":["https:\/\/www.facebook.com\/artline.vn"],"description":"CTY PHUC MA - 20 n\u0103m chuy\u00ean cung c\u1ea5p c\u00e1c s\u1ea3n ph\u1ea9m b\u00fat, m\u1ef1c, d\u1ea5u c\u00f4ng nghi\u1ec7p cho h\u01a1n 1000 nh\u00e0 m\u00e1y kh\u1eafp c\u00e1c khu c\u00f4ng nghi\u1ec7p tr\u00ean c\u1ea3 n\u01b0\u1edbc","email":"info@phucma.com.vn","telephone":"02835140805","legalName":"C\u00f4ng ty TNHH Th\u01b0\u01a1ng M\u1ea1i Ph\u00fac M\u00e3","vatID":"0303490755","numberOfEmployees":{"@type":"QuantitativeValue","minValue":"51","maxValue":"200"}}]},"product_brand":"Shachihata","og_availability":"instock","product_availability":"instock","product_retailer_item_id":"PEL-RB","product_condition":"new"},"_links":{"self":[{"href":"https:\/\/phucma.com.vn\/congnghiep\/wp-json\/wp\/v2\/product\/74117","targetHints":{"allow":["GET"]}}],"collection":[{"href":"https:\/\/phucma.com.vn\/congnghiep\/wp-json\/wp\/v2\/product"}],"about":[{"href":"https:\/\/phucma.com.vn\/congnghiep\/wp-json\/wp\/v2\/types\/product"}],"wp:featuredmedia":[{"embeddable":true,"href":"https:\/\/phucma.com.vn\/congnghiep\/wp-json\/wp\/v2\/media\/74119"}],"wp:attachment":[{"href":"https:\/\/phucma.com.vn\/congnghiep\/wp-json\/wp\/v2\/media?parent=74117"}],"wp:term":[{"taxonomy":"product_brand","embeddable":true,"href":"https:\/\/phucma.com.vn\/congnghiep\/wp-json\/wp\/v2\/product_brand?post=74117"},{"taxonomy":"product_cat","embeddable":true,"href":"https:\/\/phucma.com.vn\/congnghiep\/wp-json\/wp\/v2\/product_cat?post=74117"},{"taxonomy":"product_tag","embeddable":true,"href":"https:\/\/phucma.com.vn\/congnghiep\/wp-json\/wp\/v2\/product_tag?post=74117"}],"curies":[{"name":"wp","href":"https:\/\/api.w.org\/{rel}","templated":true}]}}