
{"id":74083,"date":"2025-10-27T15:53:01","date_gmt":"2025-10-27T08:53:01","guid":{"rendered":"https:\/\/phucma.com.vn\/congnghiep\/?post_type=product&#038;p=74083"},"modified":"2025-11-28T10:06:58","modified_gmt":"2025-11-28T03:06:58","slug":"but-viet-tren-vai-artline-ek-750","status":"publish","type":"product","link":"https:\/\/phucma.com.vn\/congnghiep\/product\/but-viet-tren-vai-artline-ek-750\/","title":{"rendered":"B\u00fat vi\u1ebft tr\u00ean v\u1ea3i Artline EK-750"},"content":{"rendered":"<p>B\u00fat \u0110\u00e1nh D\u1ea5u V\u1ea3i Artline EK-750 <\/p>\n<p>Ch\u1ed1ng Tr\u00f4i Tuy\u1ec7t \u0110\u1ed1i Khi Gi\u1eb7t \u1ee6i<br \/>\nM\u1ee5c ti\u00eau c\u1ee7a s\u1ea3n ph\u1ea9m: Ghi t\u00ean\/k\u00fd hi\u1ec7u l\u00ean qu\u1ea7n \u00e1o, \u0111\u1ed3ng ph\u1ee5c, kh\u0103n tr\u1ea3i gi\u01b0\u1eddng&#8230; m\u1ed9t c\u00e1ch r\u00f5 r\u00e0ng v\u00e0 b\u1ec1n b\u1ec9, kh\u00f4ng phai m\u00e0u sau nhi\u1ec1u l\u1ea7n gi\u1eb7t.<br \/>\nAn To\u00e0n &#038; Th\u00e2n Thi\u1ec7n: M\u1ef1c kh\u00f4ng ch\u1ee9a Xylene v\u00e0 tu\u00e2n th\u1ee7 ti\u00eau chu\u1ea9n RoHS, an to\u00e0n cho ng\u01b0\u1eddi s\u1eed d\u1ee5ng<br \/>\n D\u00c0NH CHO C\u00c1C M\u1eb8 B\u1ec8M S\u1eeeA V\u00c0 GIA \u0110\u00ccNH:M\u1eb9 \u0111\u00e3 qu\u00e1 m\u1ec7t m\u1ecfi v\u1edbi vi\u1ec7c th\u1ea5t l\u1ea1c \u0111\u1ed3ng ph\u1ee5c v\u00e0 qu\u1ea7n \u00e1o c\u1ee7a b\u00e9 \u1edf nh\u00e0 tr\u1ebb, tr\u01b0\u1eddng h\u1ecdc hay khu vui ch\u01a1i?B\u00fat Artline EK-750 ch\u00ednh l\u00e0 &#8220;ng\u01b0\u1eddi h\u00f9ng&#8221; m\u00e0 m\u1ecdi gia \u0111\u00ecnh c\u1ea7n c\u00f3! M\u1eb9 ch\u1ec9 c\u1ea7n ghi t\u00ean ho\u1eb7c k\u00fd hi\u1ec7u l\u00ean g\u00f3c \u00e1o, m\u0169, gi\u00e0y, kh\u0103n,&#8230; m\u1ef1c s\u1ebd b\u00e1m ch\u1eb7t v\u0129nh vi\u1ec5n d\u00f9 gi\u1eb7t m\u00e1y hay gi\u1eb7t tay \u1edf nhi\u1ec7t \u0111\u1ed9 cao.Kh\u00f4ng nh\u1ea7m l\u1eabn: Gi\u00fap con t\u1ef1 tin v\u1edbi m\u00f3n \u0111\u1ed3 c\u00e1 nh\u00e2n, tr\u00e1nh nh\u1ea7m l\u1eabn v\u1edbi b\u1ea1n b\u00e8.Ti\u1ebft ki\u1ec7m th\u1eddi gian: Kh\u00f4ng c\u1ea7n ph\u1ea3i may v\u00e1 hay d\u00f9ng nh\u00e3n d\u00e1n t\u1ed1n k\u00e9m v\u00e0 d\u1ec5 bong tr\u00f3c.<br \/>\n D\u00c0NH CHO TI\u1ec6M GI\u1eb6T \u1ee6I, MAY M\u1eb6C &#038; B\u1ec6NH VI\u1ec6N:Artline EK-750 l\u00e0 gi\u1ea3i ph\u00e1p chuy\u00ean nghi\u1ec7p \u0111\u1ec3 qu\u1ea3n l\u00fd \u0111\u1ed3 v\u1ea3i, \u0111\u1ea3m b\u1ea3o \u0111\u1ed9 ch\u00ednh x\u00e1c v\u00e0 tin c\u1eady trong d\u1ecbch v\u1ee5 c\u1ee7a b\u1ea1n!\u0110\u00e1nh d\u1ea5u chuy\u00ean nghi\u1ec7p: Ghi m\u00e3 kh\u00e1ch h\u00e0ng, k\u00fd hi\u1ec7u l\u00f4 h\u00e0ng l\u00ean \u0111\u1ed3 v\u1ea3i m\u1ed9t c\u00e1ch nhanh ch\u00f3ng, s\u1ea1ch s\u1ebd.Ch\u1ecbu \u0111\u01b0\u1ee3c \u0111i\u1ec1u ki\u1ec7n kh\u1eafc nghi\u1ec7t: M\u1ef1c ch\u1ecbu \u0111\u01b0\u1ee3c gi\u1eb7t t\u1ea9y l\u1eb7p \u0111i l\u1eb7p l\u1ea1i, k\u1ec3 c\u1ea3 gi\u1eb7t n\u01b0\u1edbc n\u00f3ng (l\u00ean \u0111\u1ebfn 95 \u0111\u1ed9 C) v\u00e0 h\u00f3a ch\u1ea5t gi\u1eb7t kh\u00f4, kh\u00f4ng loang m\u1ef1c sang c\u00e1c \u0111\u1ed3 v\u1eadt kh\u00e1c.<br \/>\n\u2728 T\u00cdNH N\u0102NG N\u1ed4I B\u1eacT C\u1ee6A ARTLINE EK-750 (LAUNDRY MARKER)M\u1ef1c V\u0129nh C\u1eedu Chuy\u00ean D\u1ee5ng: L\u00e0 m\u1ef1c nhu\u1ed9m g\u1ed1c d\u1ea7u (Dye Stuff Ink) \u0111\u01b0\u1ee3c thi\u1ebft k\u1ebf \u0111\u1eb7c bi\u1ec7t cho v\u1ea3i.CH\u1ed0NG N\u01af\u1edaC, CH\u1ed0NG PHAI (Waterproof &#038; Fade Resistant): M\u1ef1c kh\u00f4ng b\u1ecb tr\u00f4i, kh\u00f4ng b\u1ecb phai m\u00e0u d\u01b0\u1edbi t\u00e1c \u0111\u1ed9ng c\u1ee7a n\u01b0\u1edbc v\u00e0 \u00e1nh s\u00e1ng, gi\u00fap k\u00fd hi\u1ec7u c\u1ee7a b\u1ea1n b\u1ec1n b\u1ec9 theo th\u1eddi gian s\u1eed d\u1ee5ng c\u1ee7a m\u00f3n \u0111\u1ed3.<br \/>\nKH\u00d4NG LOANG M\u1ef0C: \u0110\u1ea3m b\u1ea3o m\u1ef1c kh\u00f4 ngay l\u1eadp t\u1ee9c khi ti\u1ebfp x\u00fac v\u1edbi v\u1ea3i v\u00e0 kh\u00f4ng b\u1ecb loang (feather) ra xung quanh, gi\u1eef cho k\u00fd hi\u1ec7u lu\u00f4n s\u1eafc n\u00e9t v\u00e0 g\u1ecdn g\u00e0ng.<\/p>\n","protected":false},"excerpt":{"rendered":"<p>M\u00e3 S\u1ea3n Ph\u1ea9m: EK-750 (Laundry Marker)<br \/>\nLo\u1ea1i m\u1ef1c g\u1ed1c d\u1ea7u, Kh\u00f4ng Xylene<br \/>\n\u0110\u1ed9 R\u1ed9ng N\u00e9t Vi\u1ebft0.7mm (N\u00e9t m\u1ea3nh)<br \/>\nM\u1ef1c kh\u00f4ng phai khi gi\u1eb7t<br \/>\nM\u00e0u S\u1eafc \u0110en, Xanh D\u01b0\u01a1ng, \u0110\u1ecf<\/p>\n","protected":false},"featured_media":74090,"template":"","meta":{"_acf_changed":false},"product_brand":[212],"product_cat":[714,727,712,687,701,1042,741,738,729,725],"product_tag":[1545,1546,1544,1547,1542,1543],"class_list":{"0":"post-74083","1":"product","2":"type-product","3":"status-publish","4":"has-post-thumbnail","6":"product_brand-artline","7":"product_cat-dong-san-pham-artline-japan","8":"product_cat-bom-them-muc-duoc","9":"product_cat-chong-lem-nuoc","10":"product_cat-dong-but-long-dau","11":"product_cat-dong-muc-dye-stuff","12":"product_cat-dung-tren-vai","13":"product_cat-dung-trong-nha-may","14":"product_cat-dung-trong-truong-hoc","15":"product_cat-hien-ro-tren-nen-sang","16":"product_cat-ngoi-tron","17":"product_tag-but-ek-750","18":"product_tag-but-viet-tren-vai-artline","19":"product_tag-but-viet-tren-vai-artline-ek-750","20":"product_tag-but-viet-tren-vai-ek-750","21":"product_tag-ek-750","22":"product_tag-ek750","24":"first","25":"instock","26":"taxable","27":"shipping-taxable","28":"purchasable","29":"product-type-variable"},"acf":[],"yoast_head":"<!-- This site is optimized with the Yoast SEO Premium plugin v24.4 (Yoast SEO v26.4) - https:\/\/yoast.com\/wordpress\/plugins\/seo\/ -->\n<title>B\u00fat vi\u1ebft tr\u00ean v\u1ea3i Artline EK-750 - C\u00f4ng Ty TNHH Th\u01b0\u01a1ng M\u1ea1i PH\u00daC M\u00c3<\/title>\n<meta name=\"robots\" content=\"index, follow, max-snippet:-1, max-image-preview:large, max-video-preview:-1\" \/>\n<link rel=\"canonical\" href=\"https:\/\/phucma.com.vn\/congnghiep\/product\/but-viet-tren-vai-artline-ek-750\/\" \/>\n<meta property=\"og:locale\" content=\"vi_VN\" \/>\n<meta property=\"og:type\" content=\"article\" \/>\n<meta property=\"og:title\" content=\"B\u00fat vi\u1ebft tr\u00ean v\u1ea3i Artline EK-750\" \/>\n<meta property=\"og:description\" content=\"M\u00e3 S\u1ea3n Ph\u1ea9m: EK-750 (Laundry Marker) Lo\u1ea1i m\u1ef1c g\u1ed1c d\u1ea7u, Kh\u00f4ng Xylene \u0110\u1ed9 R\u1ed9ng N\u00e9t Vi\u1ebft0.7mm (N\u00e9t m\u1ea3nh) M\u1ef1c kh\u00f4ng phai khi gi\u1eb7t M\u00e0u S\u1eafc \u0110en, Xanh D\u01b0\u01a1ng, \u0110\u1ecf\" \/>\n<meta property=\"og:url\" content=\"https:\/\/phucma.com.vn\/congnghiep\/product\/but-viet-tren-vai-artline-ek-750\/\" \/>\n<meta property=\"og:site_name\" content=\"C\u00f4ng Ty TNHH Th\u01b0\u01a1ng M\u1ea1i PH\u00daC M\u00c3\" \/>\n<meta property=\"article:publisher\" content=\"https:\/\/www.facebook.com\/artline.vn\" \/>\n<meta property=\"article:modified_time\" content=\"2025-11-28T03:06:58+00:00\" \/>\n<meta property=\"og:image\" content=\"https:\/\/phucma.com.vn\/congnghiep\/wp-content\/uploads\/2025\/10\/But-viet-len-vai-khong-phai-Artline-EK-750-hinh-dai-dien-1-min-001.jpg\" \/>\n\t<meta property=\"og:image:width\" content=\"600\" \/>\n\t<meta property=\"og:image:height\" content=\"600\" \/>\n\t<meta property=\"og:image:type\" content=\"image\/jpeg\" \/>\n<meta name=\"twitter:card\" content=\"summary_large_image\" \/>\n<meta name=\"twitter:label1\" content=\"Kh\u1ea3 d\u1ee5ng\" \/>\n\t<meta name=\"twitter:data1\" content=\"Trong kho\" \/>\n<script type=\"application\/ld+json\" class=\"yoast-schema-graph\">{\"@context\":\"https:\/\/schema.org\",\"@graph\":[{\"@type\":\"WebPage\",\"@id\":\"https:\/\/phucma.com.vn\/congnghiep\/product\/but-viet-tren-vai-artline-ek-750\/\",\"url\":\"https:\/\/phucma.com.vn\/congnghiep\/product\/but-viet-tren-vai-artline-ek-750\/\",\"name\":\"B\u00fat vi\u1ebft tr\u00ean v\u1ea3i Artline EK-750 - C\u00f4ng Ty TNHH Th\u01b0\u01a1ng M\u1ea1i PH\u00daC M\u00c3\",\"isPartOf\":{\"@id\":\"https:\/\/phucma.com.vn\/congnghiep\/#website\"},\"primaryImageOfPage\":{\"@id\":\"https:\/\/phucma.com.vn\/congnghiep\/product\/but-viet-tren-vai-artline-ek-750\/#primaryimage\"},\"image\":{\"@id\":\"https:\/\/phucma.com.vn\/congnghiep\/product\/but-viet-tren-vai-artline-ek-750\/#primaryimage\"},\"thumbnailUrl\":\"https:\/\/phucma.com.vn\/congnghiep\/wp-content\/uploads\/2025\/10\/But-viet-len-vai-khong-phai-Artline-EK-750-hinh-dai-dien-1-min-001.jpg\",\"datePublished\":\"2025-10-27T08:53:01+00:00\",\"dateModified\":\"2025-11-28T03:06:58+00:00\",\"breadcrumb\":{\"@id\":\"https:\/\/phucma.com.vn\/congnghiep\/product\/but-viet-tren-vai-artline-ek-750\/#breadcrumb\"},\"inLanguage\":\"vi\",\"potentialAction\":[{\"@type\":\"ReadAction\",\"target\":[\"https:\/\/phucma.com.vn\/congnghiep\/product\/but-viet-tren-vai-artline-ek-750\/\"]}]},{\"@type\":\"ImageObject\",\"inLanguage\":\"vi\",\"@id\":\"https:\/\/phucma.com.vn\/congnghiep\/product\/but-viet-tren-vai-artline-ek-750\/#primaryimage\",\"url\":\"https:\/\/phucma.com.vn\/congnghiep\/wp-content\/uploads\/2025\/10\/But-viet-len-vai-khong-phai-Artline-EK-750-hinh-dai-dien-1-min-001.jpg\",\"contentUrl\":\"https:\/\/phucma.com.vn\/congnghiep\/wp-content\/uploads\/2025\/10\/But-viet-len-vai-khong-phai-Artline-EK-750-hinh-dai-dien-1-min-001.jpg\",\"width\":600,\"height\":600},{\"@type\":\"BreadcrumbList\",\"@id\":\"https:\/\/phucma.com.vn\/congnghiep\/product\/but-viet-tren-vai-artline-ek-750\/#breadcrumb\",\"itemListElement\":[{\"@type\":\"ListItem\",\"position\":1,\"name\":\"Home\",\"item\":\"https:\/\/phucma.com.vn\/congnghiep\/\"},{\"@type\":\"ListItem\",\"position\":2,\"name\":\"C\u1eeda h\u00e0ng\",\"item\":\"https:\/\/phucma.com.vn\/congnghiep\/shop\/\"},{\"@type\":\"ListItem\",\"position\":3,\"name\":\"B\u00fat vi\u1ebft tr\u00ean v\u1ea3i Artline EK-750\"}]},{\"@type\":\"WebSite\",\"@id\":\"https:\/\/phucma.com.vn\/congnghiep\/#website\",\"url\":\"https:\/\/phucma.com.vn\/congnghiep\/\",\"name\":\"C\u00f4ng ty Ph\u00fac M\u00e3\",\"description\":\"S\u1ea3n ph\u1ea9m c\u00f4ng nghi\u1ec7p d\u00e0nh cho nh\u00e0 m\u00e1y\",\"publisher\":{\"@id\":\"https:\/\/phucma.com.vn\/congnghiep\/#organization\"},\"alternateName\":\"CTy Ph\u00fac M\u00e3\",\"potentialAction\":[{\"@type\":\"SearchAction\",\"target\":{\"@type\":\"EntryPoint\",\"urlTemplate\":\"https:\/\/phucma.com.vn\/congnghiep\/?s={search_term_string}\"},\"query-input\":{\"@type\":\"PropertyValueSpecification\",\"valueRequired\":true,\"valueName\":\"search_term_string\"}}],\"inLanguage\":\"vi\"},{\"@type\":\"Organization\",\"@id\":\"https:\/\/phucma.com.vn\/congnghiep\/#organization\",\"name\":\"CTY PH\u00daC M\u00c3\",\"alternateName\":\"C\u00f4ng ty TNHH TM Ph\u00fac M\u00e3\",\"url\":\"https:\/\/phucma.com.vn\/congnghiep\/\",\"logo\":{\"@type\":\"ImageObject\",\"inLanguage\":\"vi\",\"@id\":\"https:\/\/phucma.com.vn\/congnghiep\/#\/schema\/logo\/image\/\",\"url\":\"https:\/\/phucma.com.vn\/congnghiep\/wp-content\/uploads\/2025\/01\/cropped-cropped-logo-cty-phuc-ma-11.png\",\"contentUrl\":\"https:\/\/phucma.com.vn\/congnghiep\/wp-content\/uploads\/2025\/01\/cropped-cropped-logo-cty-phuc-ma-11.png\",\"width\":256,\"height\":191,\"caption\":\"CTY PH\u00daC M\u00c3\"},\"image\":{\"@id\":\"https:\/\/phucma.com.vn\/congnghiep\/#\/schema\/logo\/image\/\"},\"sameAs\":[\"https:\/\/www.facebook.com\/artline.vn\"],\"description\":\"CTY PHUC MA - 20 n\u0103m chuy\u00ean cung c\u1ea5p c\u00e1c s\u1ea3n ph\u1ea9m b\u00fat, m\u1ef1c, d\u1ea5u c\u00f4ng nghi\u1ec7p cho h\u01a1n 1000 nh\u00e0 m\u00e1y kh\u1eafp c\u00e1c khu c\u00f4ng nghi\u1ec7p tr\u00ean c\u1ea3 n\u01b0\u1edbc\",\"email\":\"info@phucma.com.vn\",\"telephone\":\"02835140805\",\"legalName\":\"C\u00f4ng ty TNHH Th\u01b0\u01a1ng M\u1ea1i Ph\u00fac M\u00e3\",\"vatID\":\"0303490755\",\"numberOfEmployees\":{\"@type\":\"QuantitativeValue\",\"minValue\":\"51\",\"maxValue\":\"200\"}}]}<\/script>\n<meta property=\"product:brand\" content=\"Artline\" \/>\n<meta property=\"og:availability\" content=\"instock\" \/>\n<meta property=\"product:availability\" content=\"instock\" \/>\n<meta property=\"product:retailer_item_id\" content=\"EK-750\" \/>\n<meta property=\"product:condition\" content=\"new\" \/>\n<!-- \/ Yoast SEO Premium plugin. -->","yoast_head_json":{"title":"B\u00fat vi\u1ebft tr\u00ean v\u1ea3i Artline EK-750 - C\u00f4ng Ty TNHH Th\u01b0\u01a1ng M\u1ea1i PH\u00daC M\u00c3","robots":{"index":"index","follow":"follow","max-snippet":"max-snippet:-1","max-image-preview":"max-image-preview:large","max-video-preview":"max-video-preview:-1"},"canonical":"https:\/\/phucma.com.vn\/congnghiep\/product\/but-viet-tren-vai-artline-ek-750\/","og_locale":"vi_VN","og_type":"article","og_title":"B\u00fat vi\u1ebft tr\u00ean v\u1ea3i Artline EK-750","og_description":"M\u00e3 S\u1ea3n Ph\u1ea9m: EK-750 (Laundry Marker) Lo\u1ea1i m\u1ef1c g\u1ed1c d\u1ea7u, Kh\u00f4ng Xylene \u0110\u1ed9 R\u1ed9ng N\u00e9t Vi\u1ebft0.7mm (N\u00e9t m\u1ea3nh) M\u1ef1c kh\u00f4ng phai khi gi\u1eb7t M\u00e0u S\u1eafc \u0110en, Xanh D\u01b0\u01a1ng, \u0110\u1ecf","og_url":"https:\/\/phucma.com.vn\/congnghiep\/product\/but-viet-tren-vai-artline-ek-750\/","og_site_name":"C\u00f4ng Ty TNHH Th\u01b0\u01a1ng M\u1ea1i PH\u00daC M\u00c3","article_publisher":"https:\/\/www.facebook.com\/artline.vn","article_modified_time":"2025-11-28T03:06:58+00:00","og_image":[{"width":600,"height":600,"url":"https:\/\/phucma.com.vn\/congnghiep\/wp-content\/uploads\/2025\/10\/But-viet-len-vai-khong-phai-Artline-EK-750-hinh-dai-dien-1-min-001.jpg","type":"image\/jpeg"}],"twitter_card":"summary_large_image","twitter_misc":{"Kh\u1ea3 d\u1ee5ng":"Trong kho"},"schema":{"@context":"https:\/\/schema.org","@graph":[{"@type":"WebPage","@id":"https:\/\/phucma.com.vn\/congnghiep\/product\/but-viet-tren-vai-artline-ek-750\/","url":"https:\/\/phucma.com.vn\/congnghiep\/product\/but-viet-tren-vai-artline-ek-750\/","name":"B\u00fat vi\u1ebft tr\u00ean v\u1ea3i Artline EK-750 - C\u00f4ng Ty TNHH Th\u01b0\u01a1ng M\u1ea1i PH\u00daC M\u00c3","isPartOf":{"@id":"https:\/\/phucma.com.vn\/congnghiep\/#website"},"primaryImageOfPage":{"@id":"https:\/\/phucma.com.vn\/congnghiep\/product\/but-viet-tren-vai-artline-ek-750\/#primaryimage"},"image":{"@id":"https:\/\/phucma.com.vn\/congnghiep\/product\/but-viet-tren-vai-artline-ek-750\/#primaryimage"},"thumbnailUrl":"https:\/\/phucma.com.vn\/congnghiep\/wp-content\/uploads\/2025\/10\/But-viet-len-vai-khong-phai-Artline-EK-750-hinh-dai-dien-1-min-001.jpg","datePublished":"2025-10-27T08:53:01+00:00","dateModified":"2025-11-28T03:06:58+00:00","breadcrumb":{"@id":"https:\/\/phucma.com.vn\/congnghiep\/product\/but-viet-tren-vai-artline-ek-750\/#breadcrumb"},"inLanguage":"vi","potentialAction":[{"@type":"ReadAction","target":["https:\/\/phucma.com.vn\/congnghiep\/product\/but-viet-tren-vai-artline-ek-750\/"]}]},{"@type":"ImageObject","inLanguage":"vi","@id":"https:\/\/phucma.com.vn\/congnghiep\/product\/but-viet-tren-vai-artline-ek-750\/#primaryimage","url":"https:\/\/phucma.com.vn\/congnghiep\/wp-content\/uploads\/2025\/10\/But-viet-len-vai-khong-phai-Artline-EK-750-hinh-dai-dien-1-min-001.jpg","contentUrl":"https:\/\/phucma.com.vn\/congnghiep\/wp-content\/uploads\/2025\/10\/But-viet-len-vai-khong-phai-Artline-EK-750-hinh-dai-dien-1-min-001.jpg","width":600,"height":600},{"@type":"BreadcrumbList","@id":"https:\/\/phucma.com.vn\/congnghiep\/product\/but-viet-tren-vai-artline-ek-750\/#breadcrumb","itemListElement":[{"@type":"ListItem","position":1,"name":"Home","item":"https:\/\/phucma.com.vn\/congnghiep\/"},{"@type":"ListItem","position":2,"name":"C\u1eeda h\u00e0ng","item":"https:\/\/phucma.com.vn\/congnghiep\/shop\/"},{"@type":"ListItem","position":3,"name":"B\u00fat vi\u1ebft tr\u00ean v\u1ea3i Artline EK-750"}]},{"@type":"WebSite","@id":"https:\/\/phucma.com.vn\/congnghiep\/#website","url":"https:\/\/phucma.com.vn\/congnghiep\/","name":"C\u00f4ng ty Ph\u00fac M\u00e3","description":"S\u1ea3n ph\u1ea9m c\u00f4ng nghi\u1ec7p d\u00e0nh cho nh\u00e0 m\u00e1y","publisher":{"@id":"https:\/\/phucma.com.vn\/congnghiep\/#organization"},"alternateName":"CTy Ph\u00fac M\u00e3","potentialAction":[{"@type":"SearchAction","target":{"@type":"EntryPoint","urlTemplate":"https:\/\/phucma.com.vn\/congnghiep\/?s={search_term_string}"},"query-input":{"@type":"PropertyValueSpecification","valueRequired":true,"valueName":"search_term_string"}}],"inLanguage":"vi"},{"@type":"Organization","@id":"https:\/\/phucma.com.vn\/congnghiep\/#organization","name":"CTY PH\u00daC M\u00c3","alternateName":"C\u00f4ng ty TNHH TM Ph\u00fac M\u00e3","url":"https:\/\/phucma.com.vn\/congnghiep\/","logo":{"@type":"ImageObject","inLanguage":"vi","@id":"https:\/\/phucma.com.vn\/congnghiep\/#\/schema\/logo\/image\/","url":"https:\/\/phucma.com.vn\/congnghiep\/wp-content\/uploads\/2025\/01\/cropped-cropped-logo-cty-phuc-ma-11.png","contentUrl":"https:\/\/phucma.com.vn\/congnghiep\/wp-content\/uploads\/2025\/01\/cropped-cropped-logo-cty-phuc-ma-11.png","width":256,"height":191,"caption":"CTY PH\u00daC M\u00c3"},"image":{"@id":"https:\/\/phucma.com.vn\/congnghiep\/#\/schema\/logo\/image\/"},"sameAs":["https:\/\/www.facebook.com\/artline.vn"],"description":"CTY PHUC MA - 20 n\u0103m chuy\u00ean cung c\u1ea5p c\u00e1c s\u1ea3n ph\u1ea9m b\u00fat, m\u1ef1c, d\u1ea5u c\u00f4ng nghi\u1ec7p cho h\u01a1n 1000 nh\u00e0 m\u00e1y kh\u1eafp c\u00e1c khu c\u00f4ng nghi\u1ec7p tr\u00ean c\u1ea3 n\u01b0\u1edbc","email":"info@phucma.com.vn","telephone":"02835140805","legalName":"C\u00f4ng ty TNHH Th\u01b0\u01a1ng M\u1ea1i Ph\u00fac M\u00e3","vatID":"0303490755","numberOfEmployees":{"@type":"QuantitativeValue","minValue":"51","maxValue":"200"}}]},"product_brand":"Artline","og_availability":"instock","product_availability":"instock","product_retailer_item_id":"EK-750","product_condition":"new"},"_links":{"self":[{"href":"https:\/\/phucma.com.vn\/congnghiep\/wp-json\/wp\/v2\/product\/74083","targetHints":{"allow":["GET"]}}],"collection":[{"href":"https:\/\/phucma.com.vn\/congnghiep\/wp-json\/wp\/v2\/product"}],"about":[{"href":"https:\/\/phucma.com.vn\/congnghiep\/wp-json\/wp\/v2\/types\/product"}],"wp:featuredmedia":[{"embeddable":true,"href":"https:\/\/phucma.com.vn\/congnghiep\/wp-json\/wp\/v2\/media\/74090"}],"wp:attachment":[{"href":"https:\/\/phucma.com.vn\/congnghiep\/wp-json\/wp\/v2\/media?parent=74083"}],"wp:term":[{"taxonomy":"product_brand","embeddable":true,"href":"https:\/\/phucma.com.vn\/congnghiep\/wp-json\/wp\/v2\/product_brand?post=74083"},{"taxonomy":"product_cat","embeddable":true,"href":"https:\/\/phucma.com.vn\/congnghiep\/wp-json\/wp\/v2\/product_cat?post=74083"},{"taxonomy":"product_tag","embeddable":true,"href":"https:\/\/phucma.com.vn\/congnghiep\/wp-json\/wp\/v2\/product_tag?post=74083"}],"curies":[{"name":"wp","href":"https:\/\/api.w.org\/{rel}","templated":true}]}}