
{"id":7185,"date":"2025-02-19T11:25:00","date_gmt":"2025-02-19T04:25:00","guid":{"rendered":"https:\/\/phucma.com.vn\/congnghiep\/?post_type=product&#038;p=7185"},"modified":"2025-11-09T14:50:48","modified_gmt":"2025-11-09T07:50:48","slug":"muc-dau-tham-thau-xstamper-vx-cs-20n","status":"publish","type":"product","link":"https:\/\/phucma.com.vn\/congnghiep\/product\/muc-dau-tham-thau-xstamper-vx-cs-20n\/","title":{"rendered":"M\u1ef1c cho Xstamper CS-20N"},"content":{"rendered":"","protected":false},"excerpt":{"rendered":"<p>M\u1ef1c b\u01a1m con d\u1ea5u \u2013 gi\u00fap \u0111\u00f3ng d\u1ea5u s\u1eaft n\u00e9t h\u01a1n. M\u1ef1c d\u00f9ng \u0111\u1ec3 th\u00eam cho con d\u1ea5u \u0111\u00f3ng th\u1ea9m th\u1ea5u Xstamper Vx. M\u1ef1c c\u00f3 \u0111\u1ed9 tinh khi\u1ebft c\u1ef1c k\u1ef3 cao, r\u1ea5t m\u1ecbn \u0111\u1ec3 c\u00f3 th\u1ec3 th\u1ea9m th\u1ea5u qua b\u1ec1 m\u1eb7t con d\u1ea5u Vx. M\u1ef1c c\u00f3 kh\u1ea3 n\u0103ng th\u1ea9m th\u1ea5u tuy\u1ec7t \u0111\u1ed1i gi\u00fap h\u00ecnh \u1ea3nh c\u1ef1c k\u1ef3 s\u1eafc n\u00e9t.<\/p>\n<p>Dung t\u00edch: 20ml<\/p>\n","protected":false},"featured_media":7755,"template":"","meta":{"_acf_changed":false},"product_brand":[214],"product_cat":[736,735,701,711,737,729,719],"product_tag":[478,477,1148,1258,1256,1255,1257],"class_list":{"0":"post-7185","1":"product","2":"type-product","3":"status-publish","4":"has-post-thumbnail","6":"product_brand-xstamper","7":"product_cat-dong-dau-dong","8":"product_cat-dong-muc","9":"product_cat-dong-muc-dye-stuff","10":"product_cat-dung-tren-giay","11":"product_cat-dung-trong-van-phong","12":"product_cat-hien-ro-tren-nen-sang","13":"product_cat-muc","14":"product_tag-cs-20n","15":"product_tag-cs20n","16":"product_tag-muc-dau","17":"product_tag-muc-dau-cs-20n","18":"product_tag-muc-dau-tham-thau","19":"product_tag-muc-dau-tham-thau-xstamper-vx-cs-20n-20ml","20":"product_tag-muc-dau-vx-cs-20n-20ml","22":"first","23":"instock","24":"taxable","25":"shipping-taxable","26":"purchasable","27":"product-type-variable"},"acf":[],"yoast_head":"<!-- This site is optimized with the Yoast SEO Premium plugin v24.4 (Yoast SEO v26.4) - https:\/\/yoast.com\/wordpress\/plugins\/seo\/ -->\n<title>M\u1ef1c cho Xstamper CS-20N - C\u00f4ng Ty TNHH Th\u01b0\u01a1ng M\u1ea1i PH\u00daC M\u00c3<\/title>\n<meta name=\"robots\" content=\"index, follow, max-snippet:-1, max-image-preview:large, max-video-preview:-1\" \/>\n<link rel=\"canonical\" href=\"https:\/\/phucma.com.vn\/congnghiep\/product\/muc-dau-tham-thau-xstamper-vx-cs-20n\/\" \/>\n<meta property=\"og:locale\" content=\"vi_VN\" \/>\n<meta property=\"og:type\" content=\"article\" \/>\n<meta property=\"og:title\" content=\"M\u1ef1c cho Xstamper CS-20N\" \/>\n<meta property=\"og:description\" content=\"M\u1ef1c b\u01a1m con d\u1ea5u \u2013 gi\u00fap \u0111\u00f3ng d\u1ea5u s\u1eaft n\u00e9t h\u01a1n. M\u1ef1c d\u00f9ng \u0111\u1ec3 th\u00eam cho con d\u1ea5u \u0111\u00f3ng th\u1ea9m th\u1ea5u Xstamper Vx. M\u1ef1c c\u00f3 \u0111\u1ed9 tinh khi\u1ebft c\u1ef1c k\u1ef3 cao, r\u1ea5t m\u1ecbn \u0111\u1ec3 c\u00f3 th\u1ec3 th\u1ea9m th\u1ea5u qua b\u1ec1 m\u1eb7t con d\u1ea5u Vx. M\u1ef1c c\u00f3 kh\u1ea3 n\u0103ng th\u1ea9m th\u1ea5u tuy\u1ec7t \u0111\u1ed1i gi\u00fap h\u00ecnh \u1ea3nh c\u1ef1c k\u1ef3 s\u1eafc n\u00e9t.  Dung t\u00edch: 20ml\" \/>\n<meta property=\"og:url\" content=\"https:\/\/phucma.com.vn\/congnghiep\/product\/muc-dau-tham-thau-xstamper-vx-cs-20n\/\" \/>\n<meta property=\"og:site_name\" content=\"C\u00f4ng Ty TNHH Th\u01b0\u01a1ng M\u1ea1i PH\u00daC M\u00c3\" \/>\n<meta property=\"article:publisher\" content=\"https:\/\/www.facebook.com\/artline.vn\" \/>\n<meta property=\"article:modified_time\" content=\"2025-11-09T07:50:48+00:00\" \/>\n<meta property=\"og:image\" content=\"https:\/\/phucma.com.vn\/congnghiep\/wp-content\/uploads\/2025\/02\/3dac46ac93e841702e374e6b4a3545ee.webp\" \/>\n\t<meta property=\"og:image:width\" content=\"535\" \/>\n\t<meta property=\"og:image:height\" content=\"534\" \/>\n\t<meta property=\"og:image:type\" content=\"image\/webp\" \/>\n<meta name=\"twitter:card\" content=\"summary_large_image\" \/>\n<meta name=\"twitter:label1\" content=\"Kh\u1ea3 d\u1ee5ng\" \/>\n\t<meta name=\"twitter:data1\" content=\"Trong kho\" \/>\n<script type=\"application\/ld+json\" class=\"yoast-schema-graph\">{\"@context\":\"https:\/\/schema.org\",\"@graph\":[{\"@type\":\"WebPage\",\"@id\":\"https:\/\/phucma.com.vn\/congnghiep\/product\/muc-dau-tham-thau-xstamper-vx-cs-20n\/\",\"url\":\"https:\/\/phucma.com.vn\/congnghiep\/product\/muc-dau-tham-thau-xstamper-vx-cs-20n\/\",\"name\":\"M\u1ef1c cho Xstamper CS-20N - C\u00f4ng Ty TNHH Th\u01b0\u01a1ng M\u1ea1i PH\u00daC M\u00c3\",\"isPartOf\":{\"@id\":\"https:\/\/phucma.com.vn\/congnghiep\/#website\"},\"primaryImageOfPage\":{\"@id\":\"https:\/\/phucma.com.vn\/congnghiep\/product\/muc-dau-tham-thau-xstamper-vx-cs-20n\/#primaryimage\"},\"image\":{\"@id\":\"https:\/\/phucma.com.vn\/congnghiep\/product\/muc-dau-tham-thau-xstamper-vx-cs-20n\/#primaryimage\"},\"thumbnailUrl\":\"https:\/\/phucma.com.vn\/congnghiep\/wp-content\/uploads\/2025\/02\/3dac46ac93e841702e374e6b4a3545ee.webp\",\"datePublished\":\"2025-02-19T04:25:00+00:00\",\"dateModified\":\"2025-11-09T07:50:48+00:00\",\"breadcrumb\":{\"@id\":\"https:\/\/phucma.com.vn\/congnghiep\/product\/muc-dau-tham-thau-xstamper-vx-cs-20n\/#breadcrumb\"},\"inLanguage\":\"vi\",\"potentialAction\":[{\"@type\":\"ReadAction\",\"target\":[\"https:\/\/phucma.com.vn\/congnghiep\/product\/muc-dau-tham-thau-xstamper-vx-cs-20n\/\"]}]},{\"@type\":\"ImageObject\",\"inLanguage\":\"vi\",\"@id\":\"https:\/\/phucma.com.vn\/congnghiep\/product\/muc-dau-tham-thau-xstamper-vx-cs-20n\/#primaryimage\",\"url\":\"https:\/\/phucma.com.vn\/congnghiep\/wp-content\/uploads\/2025\/02\/3dac46ac93e841702e374e6b4a3545ee.webp\",\"contentUrl\":\"https:\/\/phucma.com.vn\/congnghiep\/wp-content\/uploads\/2025\/02\/3dac46ac93e841702e374e6b4a3545ee.webp\",\"width\":535,\"height\":534},{\"@type\":\"BreadcrumbList\",\"@id\":\"https:\/\/phucma.com.vn\/congnghiep\/product\/muc-dau-tham-thau-xstamper-vx-cs-20n\/#breadcrumb\",\"itemListElement\":[{\"@type\":\"ListItem\",\"position\":1,\"name\":\"Home\",\"item\":\"https:\/\/phucma.com.vn\/congnghiep\/\"},{\"@type\":\"ListItem\",\"position\":2,\"name\":\"C\u1eeda h\u00e0ng\",\"item\":\"https:\/\/phucma.com.vn\/congnghiep\/shop\/\"},{\"@type\":\"ListItem\",\"position\":3,\"name\":\"M\u1ef1c cho Xstamper CS-20N\"}]},{\"@type\":\"WebSite\",\"@id\":\"https:\/\/phucma.com.vn\/congnghiep\/#website\",\"url\":\"https:\/\/phucma.com.vn\/congnghiep\/\",\"name\":\"C\u00f4ng ty Ph\u00fac M\u00e3\",\"description\":\"S\u1ea3n ph\u1ea9m c\u00f4ng nghi\u1ec7p d\u00e0nh cho nh\u00e0 m\u00e1y\",\"publisher\":{\"@id\":\"https:\/\/phucma.com.vn\/congnghiep\/#organization\"},\"alternateName\":\"CTy Ph\u00fac M\u00e3\",\"potentialAction\":[{\"@type\":\"SearchAction\",\"target\":{\"@type\":\"EntryPoint\",\"urlTemplate\":\"https:\/\/phucma.com.vn\/congnghiep\/?s={search_term_string}\"},\"query-input\":{\"@type\":\"PropertyValueSpecification\",\"valueRequired\":true,\"valueName\":\"search_term_string\"}}],\"inLanguage\":\"vi\"},{\"@type\":\"Organization\",\"@id\":\"https:\/\/phucma.com.vn\/congnghiep\/#organization\",\"name\":\"CTY PH\u00daC M\u00c3\",\"alternateName\":\"C\u00f4ng ty TNHH TM Ph\u00fac M\u00e3\",\"url\":\"https:\/\/phucma.com.vn\/congnghiep\/\",\"logo\":{\"@type\":\"ImageObject\",\"inLanguage\":\"vi\",\"@id\":\"https:\/\/phucma.com.vn\/congnghiep\/#\/schema\/logo\/image\/\",\"url\":\"https:\/\/phucma.com.vn\/congnghiep\/wp-content\/uploads\/2025\/01\/cropped-cropped-logo-cty-phuc-ma-11.png\",\"contentUrl\":\"https:\/\/phucma.com.vn\/congnghiep\/wp-content\/uploads\/2025\/01\/cropped-cropped-logo-cty-phuc-ma-11.png\",\"width\":256,\"height\":191,\"caption\":\"CTY PH\u00daC M\u00c3\"},\"image\":{\"@id\":\"https:\/\/phucma.com.vn\/congnghiep\/#\/schema\/logo\/image\/\"},\"sameAs\":[\"https:\/\/www.facebook.com\/artline.vn\"],\"description\":\"CTY PHUC MA - 20 n\u0103m chuy\u00ean cung c\u1ea5p c\u00e1c s\u1ea3n ph\u1ea9m b\u00fat, m\u1ef1c, d\u1ea5u c\u00f4ng nghi\u1ec7p cho h\u01a1n 1000 nh\u00e0 m\u00e1y kh\u1eafp c\u00e1c khu c\u00f4ng nghi\u1ec7p tr\u00ean c\u1ea3 n\u01b0\u1edbc\",\"email\":\"info@phucma.com.vn\",\"telephone\":\"02835140805\",\"legalName\":\"C\u00f4ng ty TNHH Th\u01b0\u01a1ng M\u1ea1i Ph\u00fac M\u00e3\",\"vatID\":\"0303490755\",\"numberOfEmployees\":{\"@type\":\"QuantitativeValue\",\"minValue\":\"51\",\"maxValue\":\"200\"}}]}<\/script>\n<meta property=\"product:brand\" content=\"Xstamper\" \/>\n<meta property=\"og:availability\" content=\"instock\" \/>\n<meta property=\"product:availability\" content=\"instock\" \/>\n<meta property=\"product:retailer_item_id\" content=\"CS-20N\" \/>\n<meta property=\"product:condition\" content=\"new\" \/>\n<!-- \/ Yoast SEO Premium plugin. -->","yoast_head_json":{"title":"M\u1ef1c cho Xstamper CS-20N - C\u00f4ng Ty TNHH Th\u01b0\u01a1ng M\u1ea1i PH\u00daC M\u00c3","robots":{"index":"index","follow":"follow","max-snippet":"max-snippet:-1","max-image-preview":"max-image-preview:large","max-video-preview":"max-video-preview:-1"},"canonical":"https:\/\/phucma.com.vn\/congnghiep\/product\/muc-dau-tham-thau-xstamper-vx-cs-20n\/","og_locale":"vi_VN","og_type":"article","og_title":"M\u1ef1c cho Xstamper CS-20N","og_description":"M\u1ef1c b\u01a1m con d\u1ea5u \u2013 gi\u00fap \u0111\u00f3ng d\u1ea5u s\u1eaft n\u00e9t h\u01a1n. M\u1ef1c d\u00f9ng \u0111\u1ec3 th\u00eam cho con d\u1ea5u \u0111\u00f3ng th\u1ea9m th\u1ea5u Xstamper Vx. M\u1ef1c c\u00f3 \u0111\u1ed9 tinh khi\u1ebft c\u1ef1c k\u1ef3 cao, r\u1ea5t m\u1ecbn \u0111\u1ec3 c\u00f3 th\u1ec3 th\u1ea9m th\u1ea5u qua b\u1ec1 m\u1eb7t con d\u1ea5u Vx. M\u1ef1c c\u00f3 kh\u1ea3 n\u0103ng th\u1ea9m th\u1ea5u tuy\u1ec7t \u0111\u1ed1i gi\u00fap h\u00ecnh \u1ea3nh c\u1ef1c k\u1ef3 s\u1eafc n\u00e9t.  Dung t\u00edch: 20ml","og_url":"https:\/\/phucma.com.vn\/congnghiep\/product\/muc-dau-tham-thau-xstamper-vx-cs-20n\/","og_site_name":"C\u00f4ng Ty TNHH Th\u01b0\u01a1ng M\u1ea1i PH\u00daC M\u00c3","article_publisher":"https:\/\/www.facebook.com\/artline.vn","article_modified_time":"2025-11-09T07:50:48+00:00","og_image":[{"width":535,"height":534,"url":"https:\/\/phucma.com.vn\/congnghiep\/wp-content\/uploads\/2025\/02\/3dac46ac93e841702e374e6b4a3545ee.webp","type":"image\/webp"}],"twitter_card":"summary_large_image","twitter_misc":{"Kh\u1ea3 d\u1ee5ng":"Trong kho"},"schema":{"@context":"https:\/\/schema.org","@graph":[{"@type":"WebPage","@id":"https:\/\/phucma.com.vn\/congnghiep\/product\/muc-dau-tham-thau-xstamper-vx-cs-20n\/","url":"https:\/\/phucma.com.vn\/congnghiep\/product\/muc-dau-tham-thau-xstamper-vx-cs-20n\/","name":"M\u1ef1c cho Xstamper CS-20N - C\u00f4ng Ty TNHH Th\u01b0\u01a1ng M\u1ea1i PH\u00daC M\u00c3","isPartOf":{"@id":"https:\/\/phucma.com.vn\/congnghiep\/#website"},"primaryImageOfPage":{"@id":"https:\/\/phucma.com.vn\/congnghiep\/product\/muc-dau-tham-thau-xstamper-vx-cs-20n\/#primaryimage"},"image":{"@id":"https:\/\/phucma.com.vn\/congnghiep\/product\/muc-dau-tham-thau-xstamper-vx-cs-20n\/#primaryimage"},"thumbnailUrl":"https:\/\/phucma.com.vn\/congnghiep\/wp-content\/uploads\/2025\/02\/3dac46ac93e841702e374e6b4a3545ee.webp","datePublished":"2025-02-19T04:25:00+00:00","dateModified":"2025-11-09T07:50:48+00:00","breadcrumb":{"@id":"https:\/\/phucma.com.vn\/congnghiep\/product\/muc-dau-tham-thau-xstamper-vx-cs-20n\/#breadcrumb"},"inLanguage":"vi","potentialAction":[{"@type":"ReadAction","target":["https:\/\/phucma.com.vn\/congnghiep\/product\/muc-dau-tham-thau-xstamper-vx-cs-20n\/"]}]},{"@type":"ImageObject","inLanguage":"vi","@id":"https:\/\/phucma.com.vn\/congnghiep\/product\/muc-dau-tham-thau-xstamper-vx-cs-20n\/#primaryimage","url":"https:\/\/phucma.com.vn\/congnghiep\/wp-content\/uploads\/2025\/02\/3dac46ac93e841702e374e6b4a3545ee.webp","contentUrl":"https:\/\/phucma.com.vn\/congnghiep\/wp-content\/uploads\/2025\/02\/3dac46ac93e841702e374e6b4a3545ee.webp","width":535,"height":534},{"@type":"BreadcrumbList","@id":"https:\/\/phucma.com.vn\/congnghiep\/product\/muc-dau-tham-thau-xstamper-vx-cs-20n\/#breadcrumb","itemListElement":[{"@type":"ListItem","position":1,"name":"Home","item":"https:\/\/phucma.com.vn\/congnghiep\/"},{"@type":"ListItem","position":2,"name":"C\u1eeda h\u00e0ng","item":"https:\/\/phucma.com.vn\/congnghiep\/shop\/"},{"@type":"ListItem","position":3,"name":"M\u1ef1c cho Xstamper CS-20N"}]},{"@type":"WebSite","@id":"https:\/\/phucma.com.vn\/congnghiep\/#website","url":"https:\/\/phucma.com.vn\/congnghiep\/","name":"C\u00f4ng ty Ph\u00fac M\u00e3","description":"S\u1ea3n ph\u1ea9m c\u00f4ng nghi\u1ec7p d\u00e0nh cho nh\u00e0 m\u00e1y","publisher":{"@id":"https:\/\/phucma.com.vn\/congnghiep\/#organization"},"alternateName":"CTy Ph\u00fac M\u00e3","potentialAction":[{"@type":"SearchAction","target":{"@type":"EntryPoint","urlTemplate":"https:\/\/phucma.com.vn\/congnghiep\/?s={search_term_string}"},"query-input":{"@type":"PropertyValueSpecification","valueRequired":true,"valueName":"search_term_string"}}],"inLanguage":"vi"},{"@type":"Organization","@id":"https:\/\/phucma.com.vn\/congnghiep\/#organization","name":"CTY PH\u00daC M\u00c3","alternateName":"C\u00f4ng ty TNHH TM Ph\u00fac M\u00e3","url":"https:\/\/phucma.com.vn\/congnghiep\/","logo":{"@type":"ImageObject","inLanguage":"vi","@id":"https:\/\/phucma.com.vn\/congnghiep\/#\/schema\/logo\/image\/","url":"https:\/\/phucma.com.vn\/congnghiep\/wp-content\/uploads\/2025\/01\/cropped-cropped-logo-cty-phuc-ma-11.png","contentUrl":"https:\/\/phucma.com.vn\/congnghiep\/wp-content\/uploads\/2025\/01\/cropped-cropped-logo-cty-phuc-ma-11.png","width":256,"height":191,"caption":"CTY PH\u00daC M\u00c3"},"image":{"@id":"https:\/\/phucma.com.vn\/congnghiep\/#\/schema\/logo\/image\/"},"sameAs":["https:\/\/www.facebook.com\/artline.vn"],"description":"CTY PHUC MA - 20 n\u0103m chuy\u00ean cung c\u1ea5p c\u00e1c s\u1ea3n ph\u1ea9m b\u00fat, m\u1ef1c, d\u1ea5u c\u00f4ng nghi\u1ec7p cho h\u01a1n 1000 nh\u00e0 m\u00e1y kh\u1eafp c\u00e1c khu c\u00f4ng nghi\u1ec7p tr\u00ean c\u1ea3 n\u01b0\u1edbc","email":"info@phucma.com.vn","telephone":"02835140805","legalName":"C\u00f4ng ty TNHH Th\u01b0\u01a1ng M\u1ea1i Ph\u00fac M\u00e3","vatID":"0303490755","numberOfEmployees":{"@type":"QuantitativeValue","minValue":"51","maxValue":"200"}}]},"product_brand":"Xstamper","og_availability":"instock","product_availability":"instock","product_retailer_item_id":"CS-20N","product_condition":"new"},"_links":{"self":[{"href":"https:\/\/phucma.com.vn\/congnghiep\/wp-json\/wp\/v2\/product\/7185","targetHints":{"allow":["GET"]}}],"collection":[{"href":"https:\/\/phucma.com.vn\/congnghiep\/wp-json\/wp\/v2\/product"}],"about":[{"href":"https:\/\/phucma.com.vn\/congnghiep\/wp-json\/wp\/v2\/types\/product"}],"wp:featuredmedia":[{"embeddable":true,"href":"https:\/\/phucma.com.vn\/congnghiep\/wp-json\/wp\/v2\/media\/7755"}],"wp:attachment":[{"href":"https:\/\/phucma.com.vn\/congnghiep\/wp-json\/wp\/v2\/media?parent=7185"}],"wp:term":[{"taxonomy":"product_brand","embeddable":true,"href":"https:\/\/phucma.com.vn\/congnghiep\/wp-json\/wp\/v2\/product_brand?post=7185"},{"taxonomy":"product_cat","embeddable":true,"href":"https:\/\/phucma.com.vn\/congnghiep\/wp-json\/wp\/v2\/product_cat?post=7185"},{"taxonomy":"product_tag","embeddable":true,"href":"https:\/\/phucma.com.vn\/congnghiep\/wp-json\/wp\/v2\/product_tag?post=7185"}],"curies":[{"name":"wp","href":"https:\/\/api.w.org\/{rel}","templated":true}]}}