
{"id":7160,"date":"2025-02-19T10:26:11","date_gmt":"2025-02-19T03:26:11","guid":{"rendered":"https:\/\/phucma.com.vn\/congnghiep\/?post_type=product&#038;p=7160"},"modified":"2025-11-09T14:51:01","modified_gmt":"2025-11-09T07:51:01","slug":"but-co-ve-brush-artline-supreme-epf-f","status":"publish","type":"product","link":"https:\/\/phucma.com.vn\/congnghiep\/product\/but-co-ve-brush-artline-supreme-epf-f\/","title":{"rendered":"B\u00fat l\u00f4ng \u0111\u1ea7u c\u1ecd Artline Supreme EPF-F"},"content":{"rendered":"","protected":false},"excerpt":{"rendered":"<p>B\u00fat c\u1ecd v\u1ebd m\u00e0u n\u01b0\u1edbc Brush Artline Supreme EPF-F c\u00f3 c\u1ea5u tr\u00fac ng\u00f2i b\u00fat m\u1ec1m m\u1ea1i nh\u01b0 m\u1ed9t c\u00e2y c\u1ecd v\u1ebd th\u00f4ng th\u01b0\u1eddng.<\/p>\n<p>B\u1ea1n c\u00f3 th\u1ec3 s\u1eed d\u1ee5ng b\u00fat \u0111\u1ec3 vi\u1ebft ch\u1eef th\u01b0 ph\u00e1p ho\u1eb7c d\u00f9ng \u0111\u1ec3 t\u00f4 m\u00e0u thay ho\u00e0n to\u00e0n cho c\u1ecd v\u1ebd v\u00e0 m\u00e0u n\u01b0\u1edbc.<\/p>\n<p>Ng\u00f2i b\u00fat h\u00ecnh c\u1ecd v\u1ebd<br \/>\nM\u1ef1c n\u01b0\u1edbc c\u00f3 th\u1ec3 ph\u1ed1i m\u00e0u, blend m\u00e0u d\u1ec5 d\u00e0ng<br \/>\nH\u1ed9p 12 c\u00e2y<br \/>\nXu\u1ea5t x\u1ee9: Nh\u1eadt B\u1ea3n<br \/>\nS\u1ea3n xu\u1ea5t: Nh\u00e0 m\u00e1y Shachihata Japan t\u1ea1i Malaysia<\/p>\n","protected":false},"featured_media":8261,"template":"","meta":{"_acf_changed":false},"product_brand":[212],"product_cat":[714,696,733,695,697,698,711,729,726],"product_tag":[1265,1268,1264,1266,1263,1267,1269,1270,474,473],"class_list":{"0":"post-7160","1":"product","2":"type-product","3":"status-publish","4":"has-post-thumbnail","6":"product_brand-artline","7":"product_cat-dong-san-pham-artline-japan","8":"product_cat-dong-but-co-ve","9":"product_cat-dong-but-mau-ve","10":"product_cat-dong-but-thu-phap","11":"product_cat-dong-but-to-mau","12":"product_cat-dong-muc-goc-nuoc","13":"product_cat-dung-tren-giay","14":"product_cat-hien-ro-tren-nen-sang","15":"product_cat-ngoi-co","16":"product_tag-but-brush-artline-supreme-epf-f","17":"product_tag-but-brush-epf-f","18":"product_tag-but-co-ve","19":"product_tag-but-co-ve-artline-supreme-epf-f","20":"product_tag-but-co-ve-brush-artline-supreme-epf-f","21":"product_tag-but-co-ve-epf-f","22":"product_tag-but-ngoi-co","23":"product_tag-but-ngoi-co-epf-f","24":"product_tag-epf-f","25":"product_tag-epff","27":"first","28":"instock","29":"taxable","30":"shipping-taxable","31":"purchasable","32":"product-type-variable"},"acf":[],"yoast_head":"<!-- This site is optimized with the Yoast SEO Premium plugin v24.4 (Yoast SEO v26.4) - https:\/\/yoast.com\/wordpress\/plugins\/seo\/ -->\n<title>B\u00fat l\u00f4ng \u0111\u1ea7u c\u1ecd Artline Supreme EPF-F - C\u00f4ng Ty TNHH Th\u01b0\u01a1ng M\u1ea1i PH\u00daC M\u00c3<\/title>\n<meta name=\"robots\" content=\"index, follow, max-snippet:-1, max-image-preview:large, max-video-preview:-1\" \/>\n<link rel=\"canonical\" href=\"https:\/\/phucma.com.vn\/congnghiep\/product\/but-co-ve-brush-artline-supreme-epf-f\/\" \/>\n<meta property=\"og:locale\" content=\"vi_VN\" \/>\n<meta property=\"og:type\" content=\"article\" \/>\n<meta property=\"og:title\" content=\"B\u00fat l\u00f4ng \u0111\u1ea7u c\u1ecd Artline Supreme EPF-F\" \/>\n<meta property=\"og:description\" content=\"B\u00fat c\u1ecd v\u1ebd m\u00e0u n\u01b0\u1edbc Brush Artline Supreme EPF-F c\u00f3 c\u1ea5u tr\u00fac ng\u00f2i b\u00fat m\u1ec1m m\u1ea1i nh\u01b0 m\u1ed9t c\u00e2y c\u1ecd v\u1ebd th\u00f4ng th\u01b0\u1eddng.  B\u1ea1n c\u00f3 th\u1ec3 s\u1eed d\u1ee5ng b\u00fat \u0111\u1ec3 vi\u1ebft ch\u1eef th\u01b0 ph\u00e1p ho\u1eb7c d\u00f9ng \u0111\u1ec3 t\u00f4 m\u00e0u thay ho\u00e0n to\u00e0n cho c\u1ecd v\u1ebd v\u00e0 m\u00e0u n\u01b0\u1edbc.  Ng\u00f2i b\u00fat h\u00ecnh c\u1ecd v\u1ebd M\u1ef1c n\u01b0\u1edbc c\u00f3 th\u1ec3 ph\u1ed1i m\u00e0u, blend m\u00e0u d\u1ec5 d\u00e0ng H\u1ed9p 12 c\u00e2y Xu\u1ea5t x\u1ee9: Nh\u1eadt B\u1ea3n S\u1ea3n xu\u1ea5t: Nh\u00e0 m\u00e1y Shachihata Japan t\u1ea1i Malaysia\" \/>\n<meta property=\"og:url\" content=\"https:\/\/phucma.com.vn\/congnghiep\/product\/but-co-ve-brush-artline-supreme-epf-f\/\" \/>\n<meta property=\"og:site_name\" content=\"C\u00f4ng Ty TNHH Th\u01b0\u01a1ng M\u1ea1i PH\u00daC M\u00c3\" \/>\n<meta property=\"article:publisher\" content=\"https:\/\/www.facebook.com\/artline.vn\" \/>\n<meta property=\"article:modified_time\" content=\"2025-11-09T07:51:01+00:00\" \/>\n<meta property=\"og:image\" content=\"https:\/\/phucma.com.vn\/congnghiep\/wp-content\/uploads\/2025\/02\/but-co-ve-artline.jpg\" \/>\n\t<meta property=\"og:image:width\" content=\"640\" \/>\n\t<meta property=\"og:image:height\" content=\"640\" \/>\n\t<meta property=\"og:image:type\" content=\"image\/jpeg\" \/>\n<meta name=\"twitter:card\" content=\"summary_large_image\" \/>\n<meta name=\"twitter:label1\" content=\"Kh\u1ea3 d\u1ee5ng\" \/>\n\t<meta name=\"twitter:data1\" content=\"Trong kho\" \/>\n<script type=\"application\/ld+json\" class=\"yoast-schema-graph\">{\"@context\":\"https:\/\/schema.org\",\"@graph\":[{\"@type\":\"WebPage\",\"@id\":\"https:\/\/phucma.com.vn\/congnghiep\/product\/but-co-ve-brush-artline-supreme-epf-f\/\",\"url\":\"https:\/\/phucma.com.vn\/congnghiep\/product\/but-co-ve-brush-artline-supreme-epf-f\/\",\"name\":\"B\u00fat l\u00f4ng \u0111\u1ea7u c\u1ecd Artline Supreme EPF-F - C\u00f4ng Ty TNHH Th\u01b0\u01a1ng M\u1ea1i PH\u00daC M\u00c3\",\"isPartOf\":{\"@id\":\"https:\/\/phucma.com.vn\/congnghiep\/#website\"},\"primaryImageOfPage\":{\"@id\":\"https:\/\/phucma.com.vn\/congnghiep\/product\/but-co-ve-brush-artline-supreme-epf-f\/#primaryimage\"},\"image\":{\"@id\":\"https:\/\/phucma.com.vn\/congnghiep\/product\/but-co-ve-brush-artline-supreme-epf-f\/#primaryimage\"},\"thumbnailUrl\":\"https:\/\/phucma.com.vn\/congnghiep\/wp-content\/uploads\/2025\/02\/but-co-ve-artline.jpg\",\"datePublished\":\"2025-02-19T03:26:11+00:00\",\"dateModified\":\"2025-11-09T07:51:01+00:00\",\"breadcrumb\":{\"@id\":\"https:\/\/phucma.com.vn\/congnghiep\/product\/but-co-ve-brush-artline-supreme-epf-f\/#breadcrumb\"},\"inLanguage\":\"vi\",\"potentialAction\":[{\"@type\":\"ReadAction\",\"target\":[\"https:\/\/phucma.com.vn\/congnghiep\/product\/but-co-ve-brush-artline-supreme-epf-f\/\"]}]},{\"@type\":\"ImageObject\",\"inLanguage\":\"vi\",\"@id\":\"https:\/\/phucma.com.vn\/congnghiep\/product\/but-co-ve-brush-artline-supreme-epf-f\/#primaryimage\",\"url\":\"https:\/\/phucma.com.vn\/congnghiep\/wp-content\/uploads\/2025\/02\/but-co-ve-artline.jpg\",\"contentUrl\":\"https:\/\/phucma.com.vn\/congnghiep\/wp-content\/uploads\/2025\/02\/but-co-ve-artline.jpg\",\"width\":640,\"height\":640},{\"@type\":\"BreadcrumbList\",\"@id\":\"https:\/\/phucma.com.vn\/congnghiep\/product\/but-co-ve-brush-artline-supreme-epf-f\/#breadcrumb\",\"itemListElement\":[{\"@type\":\"ListItem\",\"position\":1,\"name\":\"Home\",\"item\":\"https:\/\/phucma.com.vn\/congnghiep\/\"},{\"@type\":\"ListItem\",\"position\":2,\"name\":\"C\u1eeda h\u00e0ng\",\"item\":\"https:\/\/phucma.com.vn\/congnghiep\/shop\/\"},{\"@type\":\"ListItem\",\"position\":3,\"name\":\"B\u00fat l\u00f4ng \u0111\u1ea7u c\u1ecd Artline Supreme EPF-F\"}]},{\"@type\":\"WebSite\",\"@id\":\"https:\/\/phucma.com.vn\/congnghiep\/#website\",\"url\":\"https:\/\/phucma.com.vn\/congnghiep\/\",\"name\":\"C\u00f4ng ty Ph\u00fac M\u00e3\",\"description\":\"S\u1ea3n ph\u1ea9m c\u00f4ng nghi\u1ec7p d\u00e0nh cho nh\u00e0 m\u00e1y\",\"publisher\":{\"@id\":\"https:\/\/phucma.com.vn\/congnghiep\/#organization\"},\"alternateName\":\"CTy Ph\u00fac M\u00e3\",\"potentialAction\":[{\"@type\":\"SearchAction\",\"target\":{\"@type\":\"EntryPoint\",\"urlTemplate\":\"https:\/\/phucma.com.vn\/congnghiep\/?s={search_term_string}\"},\"query-input\":{\"@type\":\"PropertyValueSpecification\",\"valueRequired\":true,\"valueName\":\"search_term_string\"}}],\"inLanguage\":\"vi\"},{\"@type\":\"Organization\",\"@id\":\"https:\/\/phucma.com.vn\/congnghiep\/#organization\",\"name\":\"CTY PH\u00daC M\u00c3\",\"alternateName\":\"C\u00f4ng ty TNHH TM Ph\u00fac M\u00e3\",\"url\":\"https:\/\/phucma.com.vn\/congnghiep\/\",\"logo\":{\"@type\":\"ImageObject\",\"inLanguage\":\"vi\",\"@id\":\"https:\/\/phucma.com.vn\/congnghiep\/#\/schema\/logo\/image\/\",\"url\":\"https:\/\/phucma.com.vn\/congnghiep\/wp-content\/uploads\/2025\/01\/cropped-cropped-logo-cty-phuc-ma-11.png\",\"contentUrl\":\"https:\/\/phucma.com.vn\/congnghiep\/wp-content\/uploads\/2025\/01\/cropped-cropped-logo-cty-phuc-ma-11.png\",\"width\":256,\"height\":191,\"caption\":\"CTY PH\u00daC M\u00c3\"},\"image\":{\"@id\":\"https:\/\/phucma.com.vn\/congnghiep\/#\/schema\/logo\/image\/\"},\"sameAs\":[\"https:\/\/www.facebook.com\/artline.vn\"],\"description\":\"CTY PHUC MA - 20 n\u0103m chuy\u00ean cung c\u1ea5p c\u00e1c s\u1ea3n ph\u1ea9m b\u00fat, m\u1ef1c, d\u1ea5u c\u00f4ng nghi\u1ec7p cho h\u01a1n 1000 nh\u00e0 m\u00e1y kh\u1eafp c\u00e1c khu c\u00f4ng nghi\u1ec7p tr\u00ean c\u1ea3 n\u01b0\u1edbc\",\"email\":\"info@phucma.com.vn\",\"telephone\":\"02835140805\",\"legalName\":\"C\u00f4ng ty TNHH Th\u01b0\u01a1ng M\u1ea1i Ph\u00fac M\u00e3\",\"vatID\":\"0303490755\",\"numberOfEmployees\":{\"@type\":\"QuantitativeValue\",\"minValue\":\"51\",\"maxValue\":\"200\"}}]}<\/script>\n<meta property=\"product:brand\" content=\"Artline\" \/>\n<meta property=\"og:availability\" content=\"instock\" \/>\n<meta property=\"product:availability\" content=\"instock\" \/>\n<meta property=\"product:retailer_item_id\" content=\"EPF-F\" \/>\n<meta property=\"product:condition\" content=\"new\" \/>\n<!-- \/ Yoast SEO Premium plugin. -->","yoast_head_json":{"title":"B\u00fat l\u00f4ng \u0111\u1ea7u c\u1ecd Artline Supreme EPF-F - C\u00f4ng Ty TNHH Th\u01b0\u01a1ng M\u1ea1i PH\u00daC M\u00c3","robots":{"index":"index","follow":"follow","max-snippet":"max-snippet:-1","max-image-preview":"max-image-preview:large","max-video-preview":"max-video-preview:-1"},"canonical":"https:\/\/phucma.com.vn\/congnghiep\/product\/but-co-ve-brush-artline-supreme-epf-f\/","og_locale":"vi_VN","og_type":"article","og_title":"B\u00fat l\u00f4ng \u0111\u1ea7u c\u1ecd Artline Supreme EPF-F","og_description":"B\u00fat c\u1ecd v\u1ebd m\u00e0u n\u01b0\u1edbc Brush Artline Supreme EPF-F c\u00f3 c\u1ea5u tr\u00fac ng\u00f2i b\u00fat m\u1ec1m m\u1ea1i nh\u01b0 m\u1ed9t c\u00e2y c\u1ecd v\u1ebd th\u00f4ng th\u01b0\u1eddng.  B\u1ea1n c\u00f3 th\u1ec3 s\u1eed d\u1ee5ng b\u00fat \u0111\u1ec3 vi\u1ebft ch\u1eef th\u01b0 ph\u00e1p ho\u1eb7c d\u00f9ng \u0111\u1ec3 t\u00f4 m\u00e0u thay ho\u00e0n to\u00e0n cho c\u1ecd v\u1ebd v\u00e0 m\u00e0u n\u01b0\u1edbc.  Ng\u00f2i b\u00fat h\u00ecnh c\u1ecd v\u1ebd M\u1ef1c n\u01b0\u1edbc c\u00f3 th\u1ec3 ph\u1ed1i m\u00e0u, blend m\u00e0u d\u1ec5 d\u00e0ng H\u1ed9p 12 c\u00e2y Xu\u1ea5t x\u1ee9: Nh\u1eadt B\u1ea3n S\u1ea3n xu\u1ea5t: Nh\u00e0 m\u00e1y Shachihata Japan t\u1ea1i Malaysia","og_url":"https:\/\/phucma.com.vn\/congnghiep\/product\/but-co-ve-brush-artline-supreme-epf-f\/","og_site_name":"C\u00f4ng Ty TNHH Th\u01b0\u01a1ng M\u1ea1i PH\u00daC M\u00c3","article_publisher":"https:\/\/www.facebook.com\/artline.vn","article_modified_time":"2025-11-09T07:51:01+00:00","og_image":[{"width":640,"height":640,"url":"https:\/\/phucma.com.vn\/congnghiep\/wp-content\/uploads\/2025\/02\/but-co-ve-artline.jpg","type":"image\/jpeg"}],"twitter_card":"summary_large_image","twitter_misc":{"Kh\u1ea3 d\u1ee5ng":"Trong kho"},"schema":{"@context":"https:\/\/schema.org","@graph":[{"@type":"WebPage","@id":"https:\/\/phucma.com.vn\/congnghiep\/product\/but-co-ve-brush-artline-supreme-epf-f\/","url":"https:\/\/phucma.com.vn\/congnghiep\/product\/but-co-ve-brush-artline-supreme-epf-f\/","name":"B\u00fat l\u00f4ng \u0111\u1ea7u c\u1ecd Artline Supreme EPF-F - C\u00f4ng Ty TNHH Th\u01b0\u01a1ng M\u1ea1i PH\u00daC M\u00c3","isPartOf":{"@id":"https:\/\/phucma.com.vn\/congnghiep\/#website"},"primaryImageOfPage":{"@id":"https:\/\/phucma.com.vn\/congnghiep\/product\/but-co-ve-brush-artline-supreme-epf-f\/#primaryimage"},"image":{"@id":"https:\/\/phucma.com.vn\/congnghiep\/product\/but-co-ve-brush-artline-supreme-epf-f\/#primaryimage"},"thumbnailUrl":"https:\/\/phucma.com.vn\/congnghiep\/wp-content\/uploads\/2025\/02\/but-co-ve-artline.jpg","datePublished":"2025-02-19T03:26:11+00:00","dateModified":"2025-11-09T07:51:01+00:00","breadcrumb":{"@id":"https:\/\/phucma.com.vn\/congnghiep\/product\/but-co-ve-brush-artline-supreme-epf-f\/#breadcrumb"},"inLanguage":"vi","potentialAction":[{"@type":"ReadAction","target":["https:\/\/phucma.com.vn\/congnghiep\/product\/but-co-ve-brush-artline-supreme-epf-f\/"]}]},{"@type":"ImageObject","inLanguage":"vi","@id":"https:\/\/phucma.com.vn\/congnghiep\/product\/but-co-ve-brush-artline-supreme-epf-f\/#primaryimage","url":"https:\/\/phucma.com.vn\/congnghiep\/wp-content\/uploads\/2025\/02\/but-co-ve-artline.jpg","contentUrl":"https:\/\/phucma.com.vn\/congnghiep\/wp-content\/uploads\/2025\/02\/but-co-ve-artline.jpg","width":640,"height":640},{"@type":"BreadcrumbList","@id":"https:\/\/phucma.com.vn\/congnghiep\/product\/but-co-ve-brush-artline-supreme-epf-f\/#breadcrumb","itemListElement":[{"@type":"ListItem","position":1,"name":"Home","item":"https:\/\/phucma.com.vn\/congnghiep\/"},{"@type":"ListItem","position":2,"name":"C\u1eeda h\u00e0ng","item":"https:\/\/phucma.com.vn\/congnghiep\/shop\/"},{"@type":"ListItem","position":3,"name":"B\u00fat l\u00f4ng \u0111\u1ea7u c\u1ecd Artline Supreme EPF-F"}]},{"@type":"WebSite","@id":"https:\/\/phucma.com.vn\/congnghiep\/#website","url":"https:\/\/phucma.com.vn\/congnghiep\/","name":"C\u00f4ng ty Ph\u00fac M\u00e3","description":"S\u1ea3n ph\u1ea9m c\u00f4ng nghi\u1ec7p d\u00e0nh cho nh\u00e0 m\u00e1y","publisher":{"@id":"https:\/\/phucma.com.vn\/congnghiep\/#organization"},"alternateName":"CTy Ph\u00fac M\u00e3","potentialAction":[{"@type":"SearchAction","target":{"@type":"EntryPoint","urlTemplate":"https:\/\/phucma.com.vn\/congnghiep\/?s={search_term_string}"},"query-input":{"@type":"PropertyValueSpecification","valueRequired":true,"valueName":"search_term_string"}}],"inLanguage":"vi"},{"@type":"Organization","@id":"https:\/\/phucma.com.vn\/congnghiep\/#organization","name":"CTY PH\u00daC M\u00c3","alternateName":"C\u00f4ng ty TNHH TM Ph\u00fac M\u00e3","url":"https:\/\/phucma.com.vn\/congnghiep\/","logo":{"@type":"ImageObject","inLanguage":"vi","@id":"https:\/\/phucma.com.vn\/congnghiep\/#\/schema\/logo\/image\/","url":"https:\/\/phucma.com.vn\/congnghiep\/wp-content\/uploads\/2025\/01\/cropped-cropped-logo-cty-phuc-ma-11.png","contentUrl":"https:\/\/phucma.com.vn\/congnghiep\/wp-content\/uploads\/2025\/01\/cropped-cropped-logo-cty-phuc-ma-11.png","width":256,"height":191,"caption":"CTY PH\u00daC M\u00c3"},"image":{"@id":"https:\/\/phucma.com.vn\/congnghiep\/#\/schema\/logo\/image\/"},"sameAs":["https:\/\/www.facebook.com\/artline.vn"],"description":"CTY PHUC MA - 20 n\u0103m chuy\u00ean cung c\u1ea5p c\u00e1c s\u1ea3n ph\u1ea9m b\u00fat, m\u1ef1c, d\u1ea5u c\u00f4ng nghi\u1ec7p cho h\u01a1n 1000 nh\u00e0 m\u00e1y kh\u1eafp c\u00e1c khu c\u00f4ng nghi\u1ec7p tr\u00ean c\u1ea3 n\u01b0\u1edbc","email":"info@phucma.com.vn","telephone":"02835140805","legalName":"C\u00f4ng ty TNHH Th\u01b0\u01a1ng M\u1ea1i Ph\u00fac M\u00e3","vatID":"0303490755","numberOfEmployees":{"@type":"QuantitativeValue","minValue":"51","maxValue":"200"}}]},"product_brand":"Artline","og_availability":"instock","product_availability":"instock","product_retailer_item_id":"EPF-F","product_condition":"new"},"_links":{"self":[{"href":"https:\/\/phucma.com.vn\/congnghiep\/wp-json\/wp\/v2\/product\/7160","targetHints":{"allow":["GET"]}}],"collection":[{"href":"https:\/\/phucma.com.vn\/congnghiep\/wp-json\/wp\/v2\/product"}],"about":[{"href":"https:\/\/phucma.com.vn\/congnghiep\/wp-json\/wp\/v2\/types\/product"}],"wp:featuredmedia":[{"embeddable":true,"href":"https:\/\/phucma.com.vn\/congnghiep\/wp-json\/wp\/v2\/media\/8261"}],"wp:attachment":[{"href":"https:\/\/phucma.com.vn\/congnghiep\/wp-json\/wp\/v2\/media?parent=7160"}],"wp:term":[{"taxonomy":"product_brand","embeddable":true,"href":"https:\/\/phucma.com.vn\/congnghiep\/wp-json\/wp\/v2\/product_brand?post=7160"},{"taxonomy":"product_cat","embeddable":true,"href":"https:\/\/phucma.com.vn\/congnghiep\/wp-json\/wp\/v2\/product_cat?post=7160"},{"taxonomy":"product_tag","embeddable":true,"href":"https:\/\/phucma.com.vn\/congnghiep\/wp-json\/wp\/v2\/product_tag?post=7160"}],"curies":[{"name":"wp","href":"https:\/\/api.w.org\/{rel}","templated":true}]}}