
{"id":6773,"date":"2025-02-12T15:16:17","date_gmt":"2025-02-12T08:16:17","guid":{"rendered":"https:\/\/phucma.com.vn\/congnghiep\/?post_type=product&#038;p=6773"},"modified":"2025-11-19T15:21:33","modified_gmt":"2025-11-19T08:21:33","slug":"ruot-but-chi-kim-artline-ek-ml-5hb","status":"publish","type":"product","link":"https:\/\/phucma.com.vn\/congnghiep\/product\/ruot-but-chi-kim-artline-ek-ml-5hb\/","title":{"rendered":"Ru\u1ed9t b\u00fat ch\u00ec Artline EK-ML-5HB"},"content":{"rendered":"<p>Ru\u1ed9t b\u00fat ch\u00ec kim cao c\u1ea5p Artline EK-ML-5HB l\u00e0 ru\u1ed9t cho b\u00fat ch\u00ec b\u1ea5m. Ru\u1ed9t b\u00fat c\u00f3 m\u00e0u r\u1ea5t \u0111\u1eadm. Trong ru\u1ed9t ch\u00ec ngo\u00e0i c\u00e1c graphic carbon cao c\u1ea5p. C\u00f2n ch\u1ee9a th\u00eam c\u00e1c ph\u1ee5 gia nh\u1eb1m t\u0103ng \u0111\u1ed9 \u0111\u1eadm cho ng\u00f2i b\u00fat ch\u00ec. H\u01a1n n\u1eefa ph\u1ee5 gia l\u00e0m t\u0103ng \u0111\u1ed9 b\u1ec1n cho ng\u00f2i b\u00fat tr\u00e1nh b\u1ecb g\u00e3y.<\/p>\n","protected":false},"excerpt":{"rendered":"<p>M\u00e3 h\u00e0ng: EK-ML-5HB<br \/>\nNg\u00f2i ru\u1ed9t: 0.5 mm<br \/>\nH\u1ed9p c\u00f3 12 thanh<br \/>\nXu\u1ea5t x\u1ee9: Nh\u1eadt B\u1ea3n<br \/>\nS\u1ea3n xu\u1ea5t: Nh\u00e0 m\u00e1y Shachihata Japan t\u1ea1i Japan<\/p>\n","protected":false},"featured_media":8226,"template":"","meta":{"_acf_changed":false},"product_brand":[212],"product_cat":[714,692,711,738,737,729,722],"product_tag":[985,1061,984,1051,1046,1054,1044,1050,1045,983,1057,1053,1060,1052,328,327,1062,1063,1064,1066,1065,1058,1059],"class_list":{"0":"post-6773","1":"product","2":"type-product","3":"status-publish","4":"has-post-thumbnail","6":"product_brand-artline","7":"product_cat-dong-san-pham-artline-japan","8":"product_cat-dong-but-chi","9":"product_cat-dung-tren-giay","10":"product_cat-dung-trong-truong-hoc","11":"product_cat-dung-trong-van-phong","12":"product_cat-hien-ro-tren-nen-sang","13":"product_cat-ngoi-kim","14":"product_tag-but-chi-0-5","15":"product_tag-but-chi-0-5mm","16":"product_tag-but-chi-bam","17":"product_tag-but-chi-ben","18":"product_tag-but-chi-cao-cap","19":"product_tag-but-chi-de-xoa","20":"product_tag-but-chi-hoc-sinh","21":"product_tag-but-chi-hoc-sinh-tieu-hoc","22":"product_tag-but-chi-kho-gay","23":"product_tag-but-chi-kim","24":"product_tag-but-chi-lap-rap","25":"product_tag-but-chi-mau-dam","26":"product_tag-but-chi-sang-tao","27":"product_tag-but-chi-tot","28":"product_tag-ek-ml-5hb","29":"product_tag-ekml5hb","30":"product_tag-ngoi-but-chi","31":"product_tag-ngoi-but-chi-bam","32":"product_tag-ngoi-but-chi-kim","33":"product_tag-ruot-but-chi-bam","34":"product_tag-ruot-but-chi-kim","35":"product_tag-do-choi-lap-rap","36":"product_tag-do-choi-sang-tao","38":"first","39":"instock","40":"taxable","41":"shipping-taxable","42":"purchasable","43":"product-type-variable"},"acf":[],"yoast_head":"<!-- This site is optimized with the Yoast SEO Premium plugin v24.4 (Yoast SEO v26.4) - https:\/\/yoast.com\/wordpress\/plugins\/seo\/ -->\n<title>Ru\u1ed9t b\u00fat ch\u00ec Artline EK-ML-5HB - C\u00f4ng Ty TNHH Th\u01b0\u01a1ng M\u1ea1i PH\u00daC M\u00c3<\/title>\n<meta name=\"robots\" content=\"index, follow, max-snippet:-1, max-image-preview:large, max-video-preview:-1\" \/>\n<link rel=\"canonical\" href=\"https:\/\/phucma.com.vn\/congnghiep\/product\/ruot-but-chi-kim-artline-ek-ml-5hb\/\" \/>\n<meta property=\"og:locale\" content=\"vi_VN\" \/>\n<meta property=\"og:type\" content=\"article\" \/>\n<meta property=\"og:title\" content=\"Ru\u1ed9t b\u00fat ch\u00ec Artline EK-ML-5HB\" \/>\n<meta property=\"og:description\" content=\"M\u00e3 h\u00e0ng: EK-ML-5HB Ng\u00f2i ru\u1ed9t: 0.5 mm H\u1ed9p c\u00f3 12 thanh Xu\u1ea5t x\u1ee9: Nh\u1eadt B\u1ea3n S\u1ea3n xu\u1ea5t: Nh\u00e0 m\u00e1y Shachihata Japan t\u1ea1i Japan\" \/>\n<meta property=\"og:url\" content=\"https:\/\/phucma.com.vn\/congnghiep\/product\/ruot-but-chi-kim-artline-ek-ml-5hb\/\" \/>\n<meta property=\"og:site_name\" content=\"C\u00f4ng Ty TNHH Th\u01b0\u01a1ng M\u1ea1i PH\u00daC M\u00c3\" \/>\n<meta property=\"article:publisher\" content=\"https:\/\/www.facebook.com\/artline.vn\" \/>\n<meta property=\"article:modified_time\" content=\"2025-11-19T08:21:33+00:00\" \/>\n<meta property=\"og:image\" content=\"https:\/\/phucma.com.vn\/congnghiep\/wp-content\/uploads\/2025\/02\/2EK-ML-5HB-Ruot-but-chi-bam-kho-gay-artline-japan.jpg\" \/>\n\t<meta property=\"og:image:width\" content=\"902\" \/>\n\t<meta property=\"og:image:height\" content=\"902\" \/>\n\t<meta property=\"og:image:type\" content=\"image\/jpeg\" \/>\n<meta name=\"twitter:card\" content=\"summary_large_image\" \/>\n<meta name=\"twitter:label1\" content=\"Kh\u1ea3 d\u1ee5ng\" \/>\n\t<meta name=\"twitter:data1\" content=\"Trong kho\" \/>\n<script type=\"application\/ld+json\" class=\"yoast-schema-graph\">{\"@context\":\"https:\/\/schema.org\",\"@graph\":[{\"@type\":\"WebPage\",\"@id\":\"https:\/\/phucma.com.vn\/congnghiep\/product\/ruot-but-chi-kim-artline-ek-ml-5hb\/\",\"url\":\"https:\/\/phucma.com.vn\/congnghiep\/product\/ruot-but-chi-kim-artline-ek-ml-5hb\/\",\"name\":\"Ru\u1ed9t b\u00fat ch\u00ec Artline EK-ML-5HB - C\u00f4ng Ty TNHH Th\u01b0\u01a1ng M\u1ea1i PH\u00daC M\u00c3\",\"isPartOf\":{\"@id\":\"https:\/\/phucma.com.vn\/congnghiep\/#website\"},\"primaryImageOfPage\":{\"@id\":\"https:\/\/phucma.com.vn\/congnghiep\/product\/ruot-but-chi-kim-artline-ek-ml-5hb\/#primaryimage\"},\"image\":{\"@id\":\"https:\/\/phucma.com.vn\/congnghiep\/product\/ruot-but-chi-kim-artline-ek-ml-5hb\/#primaryimage\"},\"thumbnailUrl\":\"https:\/\/phucma.com.vn\/congnghiep\/wp-content\/uploads\/2025\/02\/2EK-ML-5HB-Ruot-but-chi-bam-kho-gay-artline-japan.jpg\",\"datePublished\":\"2025-02-12T08:16:17+00:00\",\"dateModified\":\"2025-11-19T08:21:33+00:00\",\"breadcrumb\":{\"@id\":\"https:\/\/phucma.com.vn\/congnghiep\/product\/ruot-but-chi-kim-artline-ek-ml-5hb\/#breadcrumb\"},\"inLanguage\":\"vi\",\"potentialAction\":[{\"@type\":\"ReadAction\",\"target\":[\"https:\/\/phucma.com.vn\/congnghiep\/product\/ruot-but-chi-kim-artline-ek-ml-5hb\/\"]}]},{\"@type\":\"ImageObject\",\"inLanguage\":\"vi\",\"@id\":\"https:\/\/phucma.com.vn\/congnghiep\/product\/ruot-but-chi-kim-artline-ek-ml-5hb\/#primaryimage\",\"url\":\"https:\/\/phucma.com.vn\/congnghiep\/wp-content\/uploads\/2025\/02\/2EK-ML-5HB-Ruot-but-chi-bam-kho-gay-artline-japan.jpg\",\"contentUrl\":\"https:\/\/phucma.com.vn\/congnghiep\/wp-content\/uploads\/2025\/02\/2EK-ML-5HB-Ruot-but-chi-bam-kho-gay-artline-japan.jpg\",\"width\":902,\"height\":902},{\"@type\":\"BreadcrumbList\",\"@id\":\"https:\/\/phucma.com.vn\/congnghiep\/product\/ruot-but-chi-kim-artline-ek-ml-5hb\/#breadcrumb\",\"itemListElement\":[{\"@type\":\"ListItem\",\"position\":1,\"name\":\"Home\",\"item\":\"https:\/\/phucma.com.vn\/congnghiep\/\"},{\"@type\":\"ListItem\",\"position\":2,\"name\":\"C\u1eeda h\u00e0ng\",\"item\":\"https:\/\/phucma.com.vn\/congnghiep\/shop\/\"},{\"@type\":\"ListItem\",\"position\":3,\"name\":\"Ru\u1ed9t b\u00fat ch\u00ec Artline EK-ML-5HB\"}]},{\"@type\":\"WebSite\",\"@id\":\"https:\/\/phucma.com.vn\/congnghiep\/#website\",\"url\":\"https:\/\/phucma.com.vn\/congnghiep\/\",\"name\":\"C\u00f4ng ty Ph\u00fac M\u00e3\",\"description\":\"S\u1ea3n ph\u1ea9m c\u00f4ng nghi\u1ec7p d\u00e0nh cho nh\u00e0 m\u00e1y\",\"publisher\":{\"@id\":\"https:\/\/phucma.com.vn\/congnghiep\/#organization\"},\"alternateName\":\"CTy Ph\u00fac M\u00e3\",\"potentialAction\":[{\"@type\":\"SearchAction\",\"target\":{\"@type\":\"EntryPoint\",\"urlTemplate\":\"https:\/\/phucma.com.vn\/congnghiep\/?s={search_term_string}\"},\"query-input\":{\"@type\":\"PropertyValueSpecification\",\"valueRequired\":true,\"valueName\":\"search_term_string\"}}],\"inLanguage\":\"vi\"},{\"@type\":\"Organization\",\"@id\":\"https:\/\/phucma.com.vn\/congnghiep\/#organization\",\"name\":\"CTY PH\u00daC M\u00c3\",\"alternateName\":\"C\u00f4ng ty TNHH TM Ph\u00fac M\u00e3\",\"url\":\"https:\/\/phucma.com.vn\/congnghiep\/\",\"logo\":{\"@type\":\"ImageObject\",\"inLanguage\":\"vi\",\"@id\":\"https:\/\/phucma.com.vn\/congnghiep\/#\/schema\/logo\/image\/\",\"url\":\"https:\/\/phucma.com.vn\/congnghiep\/wp-content\/uploads\/2025\/01\/cropped-cropped-logo-cty-phuc-ma-11.png\",\"contentUrl\":\"https:\/\/phucma.com.vn\/congnghiep\/wp-content\/uploads\/2025\/01\/cropped-cropped-logo-cty-phuc-ma-11.png\",\"width\":256,\"height\":191,\"caption\":\"CTY PH\u00daC M\u00c3\"},\"image\":{\"@id\":\"https:\/\/phucma.com.vn\/congnghiep\/#\/schema\/logo\/image\/\"},\"sameAs\":[\"https:\/\/www.facebook.com\/artline.vn\"],\"description\":\"CTY PHUC MA - 20 n\u0103m chuy\u00ean cung c\u1ea5p c\u00e1c s\u1ea3n ph\u1ea9m b\u00fat, m\u1ef1c, d\u1ea5u c\u00f4ng nghi\u1ec7p cho h\u01a1n 1000 nh\u00e0 m\u00e1y kh\u1eafp c\u00e1c khu c\u00f4ng nghi\u1ec7p tr\u00ean c\u1ea3 n\u01b0\u1edbc\",\"email\":\"info@phucma.com.vn\",\"telephone\":\"02835140805\",\"legalName\":\"C\u00f4ng ty TNHH Th\u01b0\u01a1ng M\u1ea1i Ph\u00fac M\u00e3\",\"vatID\":\"0303490755\",\"numberOfEmployees\":{\"@type\":\"QuantitativeValue\",\"minValue\":\"51\",\"maxValue\":\"200\"}}]}<\/script>\n<meta property=\"product:brand\" content=\"Artline\" \/>\n<meta property=\"og:availability\" content=\"instock\" \/>\n<meta property=\"product:availability\" content=\"instock\" \/>\n<meta property=\"product:retailer_item_id\" content=\"RUOT CHI EK-ML-5HB\" \/>\n<meta property=\"product:condition\" content=\"new\" \/>\n<!-- \/ Yoast SEO Premium plugin. -->","yoast_head_json":{"title":"Ru\u1ed9t b\u00fat ch\u00ec Artline EK-ML-5HB - C\u00f4ng Ty TNHH Th\u01b0\u01a1ng M\u1ea1i PH\u00daC M\u00c3","robots":{"index":"index","follow":"follow","max-snippet":"max-snippet:-1","max-image-preview":"max-image-preview:large","max-video-preview":"max-video-preview:-1"},"canonical":"https:\/\/phucma.com.vn\/congnghiep\/product\/ruot-but-chi-kim-artline-ek-ml-5hb\/","og_locale":"vi_VN","og_type":"article","og_title":"Ru\u1ed9t b\u00fat ch\u00ec Artline EK-ML-5HB","og_description":"M\u00e3 h\u00e0ng: EK-ML-5HB Ng\u00f2i ru\u1ed9t: 0.5 mm H\u1ed9p c\u00f3 12 thanh Xu\u1ea5t x\u1ee9: Nh\u1eadt B\u1ea3n S\u1ea3n xu\u1ea5t: Nh\u00e0 m\u00e1y Shachihata Japan t\u1ea1i Japan","og_url":"https:\/\/phucma.com.vn\/congnghiep\/product\/ruot-but-chi-kim-artline-ek-ml-5hb\/","og_site_name":"C\u00f4ng Ty TNHH Th\u01b0\u01a1ng M\u1ea1i PH\u00daC M\u00c3","article_publisher":"https:\/\/www.facebook.com\/artline.vn","article_modified_time":"2025-11-19T08:21:33+00:00","og_image":[{"width":902,"height":902,"url":"https:\/\/phucma.com.vn\/congnghiep\/wp-content\/uploads\/2025\/02\/2EK-ML-5HB-Ruot-but-chi-bam-kho-gay-artline-japan.jpg","type":"image\/jpeg"}],"twitter_card":"summary_large_image","twitter_misc":{"Kh\u1ea3 d\u1ee5ng":"Trong kho"},"schema":{"@context":"https:\/\/schema.org","@graph":[{"@type":"WebPage","@id":"https:\/\/phucma.com.vn\/congnghiep\/product\/ruot-but-chi-kim-artline-ek-ml-5hb\/","url":"https:\/\/phucma.com.vn\/congnghiep\/product\/ruot-but-chi-kim-artline-ek-ml-5hb\/","name":"Ru\u1ed9t b\u00fat ch\u00ec Artline EK-ML-5HB - C\u00f4ng Ty TNHH Th\u01b0\u01a1ng M\u1ea1i PH\u00daC M\u00c3","isPartOf":{"@id":"https:\/\/phucma.com.vn\/congnghiep\/#website"},"primaryImageOfPage":{"@id":"https:\/\/phucma.com.vn\/congnghiep\/product\/ruot-but-chi-kim-artline-ek-ml-5hb\/#primaryimage"},"image":{"@id":"https:\/\/phucma.com.vn\/congnghiep\/product\/ruot-but-chi-kim-artline-ek-ml-5hb\/#primaryimage"},"thumbnailUrl":"https:\/\/phucma.com.vn\/congnghiep\/wp-content\/uploads\/2025\/02\/2EK-ML-5HB-Ruot-but-chi-bam-kho-gay-artline-japan.jpg","datePublished":"2025-02-12T08:16:17+00:00","dateModified":"2025-11-19T08:21:33+00:00","breadcrumb":{"@id":"https:\/\/phucma.com.vn\/congnghiep\/product\/ruot-but-chi-kim-artline-ek-ml-5hb\/#breadcrumb"},"inLanguage":"vi","potentialAction":[{"@type":"ReadAction","target":["https:\/\/phucma.com.vn\/congnghiep\/product\/ruot-but-chi-kim-artline-ek-ml-5hb\/"]}]},{"@type":"ImageObject","inLanguage":"vi","@id":"https:\/\/phucma.com.vn\/congnghiep\/product\/ruot-but-chi-kim-artline-ek-ml-5hb\/#primaryimage","url":"https:\/\/phucma.com.vn\/congnghiep\/wp-content\/uploads\/2025\/02\/2EK-ML-5HB-Ruot-but-chi-bam-kho-gay-artline-japan.jpg","contentUrl":"https:\/\/phucma.com.vn\/congnghiep\/wp-content\/uploads\/2025\/02\/2EK-ML-5HB-Ruot-but-chi-bam-kho-gay-artline-japan.jpg","width":902,"height":902},{"@type":"BreadcrumbList","@id":"https:\/\/phucma.com.vn\/congnghiep\/product\/ruot-but-chi-kim-artline-ek-ml-5hb\/#breadcrumb","itemListElement":[{"@type":"ListItem","position":1,"name":"Home","item":"https:\/\/phucma.com.vn\/congnghiep\/"},{"@type":"ListItem","position":2,"name":"C\u1eeda h\u00e0ng","item":"https:\/\/phucma.com.vn\/congnghiep\/shop\/"},{"@type":"ListItem","position":3,"name":"Ru\u1ed9t b\u00fat ch\u00ec Artline EK-ML-5HB"}]},{"@type":"WebSite","@id":"https:\/\/phucma.com.vn\/congnghiep\/#website","url":"https:\/\/phucma.com.vn\/congnghiep\/","name":"C\u00f4ng ty Ph\u00fac M\u00e3","description":"S\u1ea3n ph\u1ea9m c\u00f4ng nghi\u1ec7p d\u00e0nh cho nh\u00e0 m\u00e1y","publisher":{"@id":"https:\/\/phucma.com.vn\/congnghiep\/#organization"},"alternateName":"CTy Ph\u00fac M\u00e3","potentialAction":[{"@type":"SearchAction","target":{"@type":"EntryPoint","urlTemplate":"https:\/\/phucma.com.vn\/congnghiep\/?s={search_term_string}"},"query-input":{"@type":"PropertyValueSpecification","valueRequired":true,"valueName":"search_term_string"}}],"inLanguage":"vi"},{"@type":"Organization","@id":"https:\/\/phucma.com.vn\/congnghiep\/#organization","name":"CTY PH\u00daC M\u00c3","alternateName":"C\u00f4ng ty TNHH TM Ph\u00fac M\u00e3","url":"https:\/\/phucma.com.vn\/congnghiep\/","logo":{"@type":"ImageObject","inLanguage":"vi","@id":"https:\/\/phucma.com.vn\/congnghiep\/#\/schema\/logo\/image\/","url":"https:\/\/phucma.com.vn\/congnghiep\/wp-content\/uploads\/2025\/01\/cropped-cropped-logo-cty-phuc-ma-11.png","contentUrl":"https:\/\/phucma.com.vn\/congnghiep\/wp-content\/uploads\/2025\/01\/cropped-cropped-logo-cty-phuc-ma-11.png","width":256,"height":191,"caption":"CTY PH\u00daC M\u00c3"},"image":{"@id":"https:\/\/phucma.com.vn\/congnghiep\/#\/schema\/logo\/image\/"},"sameAs":["https:\/\/www.facebook.com\/artline.vn"],"description":"CTY PHUC MA - 20 n\u0103m chuy\u00ean cung c\u1ea5p c\u00e1c s\u1ea3n ph\u1ea9m b\u00fat, m\u1ef1c, d\u1ea5u c\u00f4ng nghi\u1ec7p cho h\u01a1n 1000 nh\u00e0 m\u00e1y kh\u1eafp c\u00e1c khu c\u00f4ng nghi\u1ec7p tr\u00ean c\u1ea3 n\u01b0\u1edbc","email":"info@phucma.com.vn","telephone":"02835140805","legalName":"C\u00f4ng ty TNHH Th\u01b0\u01a1ng M\u1ea1i Ph\u00fac M\u00e3","vatID":"0303490755","numberOfEmployees":{"@type":"QuantitativeValue","minValue":"51","maxValue":"200"}}]},"product_brand":"Artline","og_availability":"instock","product_availability":"instock","product_retailer_item_id":"RUOT CHI EK-ML-5HB","product_condition":"new"},"_links":{"self":[{"href":"https:\/\/phucma.com.vn\/congnghiep\/wp-json\/wp\/v2\/product\/6773","targetHints":{"allow":["GET"]}}],"collection":[{"href":"https:\/\/phucma.com.vn\/congnghiep\/wp-json\/wp\/v2\/product"}],"about":[{"href":"https:\/\/phucma.com.vn\/congnghiep\/wp-json\/wp\/v2\/types\/product"}],"wp:featuredmedia":[{"embeddable":true,"href":"https:\/\/phucma.com.vn\/congnghiep\/wp-json\/wp\/v2\/media\/8226"}],"wp:attachment":[{"href":"https:\/\/phucma.com.vn\/congnghiep\/wp-json\/wp\/v2\/media?parent=6773"}],"wp:term":[{"taxonomy":"product_brand","embeddable":true,"href":"https:\/\/phucma.com.vn\/congnghiep\/wp-json\/wp\/v2\/product_brand?post=6773"},{"taxonomy":"product_cat","embeddable":true,"href":"https:\/\/phucma.com.vn\/congnghiep\/wp-json\/wp\/v2\/product_cat?post=6773"},{"taxonomy":"product_tag","embeddable":true,"href":"https:\/\/phucma.com.vn\/congnghiep\/wp-json\/wp\/v2\/product_tag?post=6773"}],"curies":[{"name":"wp","href":"https:\/\/api.w.org\/{rel}","templated":true}]}}